000
CXUS56 KMTR 010840
CLMMRY

CLIMATE REPORT
NATIONAL WEATHER SERVICE SAN FRANCISCO BAY AREA
140 AM PDT THU SEP 01 2022

...................................

...THE MONTEREY AIRPORT CLIMATE SUMMARY FOR THE MONTH OF AUGUST 2022...

CLIMATE NORMAL PERIOD: 1991 TO 2020
CLIMATE RECORD PERIOD: 1998 TO 2022

WEATHER         OBSERVED                    LAST YEAR`S
                VALUE   DATE(S)             VALUE DATE(S)

.........................................................
TEMPERATURE (F)
RECORD
 HIGH             94   MM
 LOW              47   08/27/2012
HIGHEST           78   08/04                   84  08/28
LOWEST            52   08/31                   55  08/27
                                                   08/28
AVG. MAXIMUM    71.3                         72.3
AVG. MINIMUM    57.2                         58.7
MEAN            64.3                         65.5
DAYS MAX >= 90     0                            0
DAYS MAX <= 32     0                            0
DAYS MIN <= 32     0                            0
DAYS MIN <= 0      0                            0

PRECIPITATION (INCHES)
TOTALS          0.06                         0.00
DAILY AVG.      0.00                         0.00
DAYS >= .01        1                            0
DAYS >= .10        0                            0
DAYS >= .50        0                            0
DAYS >= 1.00       0                            0
GREATEST
 24 HR. TOTAL   0.06   08/17 TO 08/17        0.00  07/31 TO 07/31


DEGREE DAYS
HEATING TOTAL     42                           13
 SINCE 7/1       112                           MM
COOLING TOTAL     28                           35
 SINCE 1/1        87                           MM
.........................................................

WIND (MPH)
AVERAGE WIND SPEED              6.3
RESULTANT WIND SPEED/DIRECTION   4/280
HIGHEST WIND SPEED/DIRECTION    20/250    DATE  08/04
                                20/260          08/05
HIGHEST GUST SPEED/DIRECTION    26/250    DATE  08/04
                                26/250          08/05
                                26/240          08/28

SKY COVER
POSSIBLE SUNSHINE (PERCENT)   MM
AVERAGE SKY COVER           0.46
NUMBER OF DAYS FAIR           11
NUMBER OF DAYS PC             13
NUMBER OF DAYS CLOUDY          7

AVERAGE RH (PERCENT)     74

WEATHER CONDITIONS. NUMBER OF DAYS WITH
THUNDERSTORM              0     MIXED PRECIP               0
HEAVY RAIN                0     RAIN                       1
LIGHT RAIN                1     FREEZING RAIN              0
LT FREEZING RAIN          0     HAIL                       0
HEAVY SNOW                0     SNOW                       0
LIGHT SNOW                0     SLEET                      0
FOG                      20     FOG W/VIS <= 1/4 MILE      3
HAZE                     18

-  INDICATES NEGATIVE NUMBERS.
R  INDICATES RECORD WAS SET OR TIED.
MM INDICATES DATA IS MISSING.
T  INDICATES TRACE AMOUNT.

$$
