000
CXUS54 KHUN 031012
CLMMSL

CLIMATE REPORT
NATIONAL WEATHER SERVICE HUNTSVILLE AL
512 AM CDT SAT SEP 03 2022

...................................

...THE MUSCLE SHOALS CLIMATE SUMMARY FOR THE MONTH OF AUGUST 2022...

CLIMATE NORMAL PERIOD 1991 TO 2020
CLIMATE RECORD PERIOD 1893 TO 2022

WEATHER         OBSERVED          NORMAL  DEPART   LAST YEAR`S
                VALUE   DATE(S)   VALUE   FROM     VALUE
                                          NORMAL
..............................................................
TEMPERATURE (F)
RECORD
 HIGH            108   08/08/1930
 LOW              47   08/26/1917
HIGHEST           98   08/29         MM      MM       97
LOWEST            63   08/14         MM      MM       63
AVG. MAXIMUM    90.6               91.2    -0.6     90.3
AVG. MINIMUM    69.8               69.9    -0.1     72.1
MEAN            80.2               80.5    -0.3     81.2
DAYS MAX >= 90    21               18.8     2.2       18
DAYS MAX <= 32     0                0.0     0.0        0
DAYS MIN <= 32     0                0.0     0.0        0
DAYS MIN <= 0      0                0.0     0.0        0

PRECIPITATION (INCHES)
RECORD
 MAXIMUM        9.21   2021
 MINIMUM        0.15
TOTALS          2.55               3.77   -1.22     9.21
DAILY AVG.      0.08               0.12   -0.04
DAYS >= .01       10                9.3     0.7       13
DAYS >= .10        7                6.1     0.9       11
DAYS >= .50        1                2.3    -1.3        7
DAYS >= 1.00       0                1.1    -1.1        3
GREATEST
 24 HR. TOTAL   0.63   08/08 TO 08/08               2.67

SNOWFALL (INCHES)
RECORDS
 TOTAL           0.0   2002
 24 HR TOTAL     0.0   MM
TOTALS            MM                 MM      MM      0.0
SINCE 7/1         MM                 MM      MM       MM
DAYS >= TRACE     MM                 MM      MM
DAYS >= 1.0       MM                 MM      MM
GREATEST
 24 HR TOTAL      MM                                 0.0

DEGREE DAYS
HEATING TOTAL      0                  0       0        0
 SINCE 7/1         0                  0       0       MM
COOLING TOTAL    480                482      -2      510
 SINCE 1/1      1883               1702     181       MM

FREEZE DATES
RECORD
 EARLIEST     10/03/1908
 LATEST       04/27/1919
EARLIEST                        MM
LATEST                          03/13
..............................................................

WIND (MPH)
AVERAGE WIND SPEED              3.7
HIGHEST WIND SPEED/DIRECTION    25/140    DATE  08/06
HIGHEST GUST SPEED/DIRECTION    37/130    DATE  08/06

SKY COVER
POSSIBLE SUNSHINE (PERCENT)   MM


WEATHER CONDITIONS. NUMBER OF DAYS WITH
THUNDERSTORM              7     MIXED PRECIP               0
HEAVY RAIN                2     RAIN                       6
LIGHT RAIN               13     FREEZING RAIN              0
LT FREEZING RAIN          0     HAIL                       0
HEAVY SNOW                0     SNOW                       0
LIGHT SNOW                0     SLEET                      0
FOG                      23     FOG W/VIS <= 1/4 MILE      3

-  INDICATES NEGATIVE NUMBERS.
R  INDICATES RECORD WAS SET OR TIED.
MM INDICATES DATA IS MISSING.
T  INDICATES TRACE AMOUNT.

$$
