000
CXUS53 KMPX 010635
CLMMSP

CLIMATE REPORT
NATIONAL WEATHER SERVICE TWIN CITIES/CHANHASSEN MN
135 AM CDT SAT OCT 01 2022

...................................

...THE TWIN CITIES MN CLIMATE SUMMARY FOR THE MONTH OF SEPTEMBER 2022...

CLIMATE NORMAL PERIOD 1991 TO 2020
CLIMATE RECORD PERIOD 1871 TO 2022

WEATHER         OBSERVED          NORMAL  DEPART   LAST YEAR`S
                VALUE   DATE(S)   VALUE   FROM     VALUE DATE(S)
                                          NORMAL
................................................................
TEMPERATURE (F)
RECORD
 HIGH            104   09/10/1931
 LOW              26   09/22/1974
                       09/28/1942
                       09/30/1939
HIGHEST           92   09/20         80      12       90  09/19
LOWEST            37   09/28         43      -6       44  09/25
AVG. MAXIMUM    75.8               72.9     2.9     76.6
AVG. MINIMUM    56.1               54.2     1.9     56.3
MEAN            66.0               63.5     2.5     66.4
DAYS MAX >= 90     1                1.0     0.0        1
DAYS MAX <= 32     0                0.0     0.0        0
DAYS MIN <= 32     0                0.2    -0.2        0
DAYS MIN <= 0      0                0.0     0.0        0

PRECIPITATION (INCHES)
RECORD
 MAXIMUM        7.77   1903
 MINIMUM        0.30   2012
TOTALS          0.24R              3.02   -2.78     1.48
DAILY AVG.      0.01               0.10   -0.09     0.05
DAYS >= .01        4                9.3    -5.3        6
DAYS >= .10        1                5.3    -4.3        5
DAYS >= .50        0                1.9    -1.9        1
DAYS >= 1.00       0                0.8    -0.8        0
GREATEST
 24 HR. TOTAL   0.11   09/09 TO 09/09

SNOWFALL (INCHES)
RECORDS
 TOTAL           1.7   5
TOTALS           0.0                0.0     0.0      0.0
SINCE 7/1        0.0                0.0     0.0       MM
SNOWDEPTH AVG.     0                                   0
DAYS >= 1.0        0                0.0     0.0        0
GREATEST
 SNOW DEPTH        0                                   0  MM
 24 HR TOTAL      MM

DEGREE DAYS
HEATING TOTAL     83                128     -45       39
 SINCE 7/1        83                142     -59       MM
COOLING TOTAL    120                 84      36       87
 SINCE 1/1      1037                822     215       MM
................................................................

WIND (MPH)
AVERAGE WIND SPEED              8.5
HIGHEST WIND SPEED/DIRECTION    30/320    DATE  09/25
HIGHEST GUST SPEED/DIRECTION    46/300    DATE  09/25

SKY COVER
POSSIBLE SUNSHINE (PERCENT)   MM
AVERAGE SKY COVER           0.43
NUMBER OF DAYS FAIR           13
NUMBER OF DAYS PC             13
NUMBER OF DAYS CLOUDY          4

AVERAGE RH (PERCENT)     63

WEATHER CONDITIONS. NUMBER OF DAYS WITH
THUNDERSTORM              3     MIXED PRECIP               0
HEAVY RAIN                0     RAIN                       1
LIGHT RAIN                8     FREEZING RAIN              0
LT FREEZING RAIN          0     HAIL                       0
HEAVY SNOW                0     SNOW                       0
LIGHT SNOW                0     SLEET                      0
FOG                       9     FOG W/VIS <= 1/4 MILE      2
HAZE                      2

-  INDICATES NEGATIVE NUMBERS.
R  INDICATES RECORD WAS SET OR TIED.
MM INDICATES DATA IS MISSING.
T  INDICATES TRACE AMOUNT.

$$
