000
CXUS51 KBTV 011223
CLMMSS

CLIMATE REPORT
NATIONAL WEATHER SERVICE BURLINGTON VT
823 AM EDT THU SEP 01 2022

...................................

...THE MASSENA NY CLIMATE SUMMARY FOR THE MONTH OF AUGUST 2022...

CLIMATE NORMAL PERIOD: 1991 TO 2020
CLIMATE RECORD PERIOD: 1948 TO 2022

WEATHER         OBSERVED          NORMAL  DEPART   LAST YEAR`S
                VALUE   DATE(S)   VALUE   FROM     VALUE DATE(S)
                                          NORMAL
................................................................
TEMPERATURE (F)
RECORD
 HIGH            100
 LOW              35
HIGHEST           89   08/07         MM      MM       89  08/10
                       08/20
                       08/29
                                                          08/26
LOWEST            48   08/03         MM      MM       47  08/16
                       08/13
                       08/28
AVG. MAXIMUM    80.0               78.9     1.1     80.8
AVG. MINIMUM    57.5               56.2     1.3     62.0
MEAN            68.8               67.5     1.3     71.4
DAYS MAX >= 90     0                1.4    -1.4        0
DAYS MAX <= 32     0                0.0     0.0        0
DAYS MIN <= 32     0                0.0     0.0        0
DAYS MIN <= 0      0                0.0     0.0        0

PRECIPITATION (INCHES)
RECORD
 MAXIMUM        7.68   1965
 MINIMUM        0.02   1957
TOTALS          1.35               3.36   -2.01     2.68
DAILY AVG.      0.04               0.11   -0.07     0.09
DAYS >= .01        9               10.9    -1.9       11
DAYS >= .10        4                6.5    -2.5        8
DAYS >= .50        1                2.1    -1.1        1
DAYS >= 1.00       0                0.9    -0.9        1
GREATEST
 24 HR. TOTAL   0.71   08/29 TO 08/30               1.41  08/28 TO 08/29
 STORM TOTAL    0.50                                1.06
 (MM/DD(HH))            MM


DEGREE DAYS
HEATING TOTAL     14                 38     -24       13
 SINCE 7/1        24                 55     -31       MM
COOLING TOTAL    139                117      22      208
 SINCE 1/1       363                370      -7       MM
................................................................

WIND (MPH)
AVERAGE WIND SPEED              5.0
HIGHEST WIND SPEED/DIRECTION    24/070    DATE  08/09
HIGHEST GUST SPEED/DIRECTION    31/070    DATE  08/09

SKY COVER
POSSIBLE SUNSHINE (PERCENT)   MM
AVERAGE SKY COVER           0.37
NUMBER OF DAYS FAIR           16
NUMBER OF DAYS PC             11
NUMBER OF DAYS CLOUDY          4

AVERAGE RH (PERCENT)     75

WEATHER CONDITIONS. NUMBER OF DAYS WITH
THUNDERSTORM              5     MIXED PRECIP               0
HEAVY RAIN                4     RAIN                       7
LIGHT RAIN               14     FREEZING RAIN              0
LT FREEZING RAIN          0     HAIL                       0
HEAVY SNOW                0     SNOW                       0
LIGHT SNOW                0     SLEET                      0
FOG                      26     FOG W/VIS <= 1/4 MILE      3
HAZE                      2

-  INDICATES NEGATIVE NUMBERS.
R  INDICATES RECORD WAS SET OR TIED.
MM INDICATES DATA IS MISSING.
T  INDICATES TRACE AMOUNT.

$$
