000
CXUS52 KKEY 012100 CCA
CLMMTH

CLIMATE REPORT...CORRECTED
NATIONAL WEATHER SERVICE KEY WEST FL
312 PM EDT THU SEP 1 2022

...................................

...THE MARATHON CLIMATE SUMMARY FOR THE MONTH OF AUGUST 2022...

CLIMATE NORMAL PERIOD 1991 TO 2020
CLIMATE RECORD PERIOD 1950 TO 2022

WEATHER         OBSERVED          NORMAL  DEPART   LAST YEAR`S
                VALUE   DATE(S)   VALUE   FROM     VALUE DATE(S)
                                          NORMAL
................................................................
TEMPERATURE (F)
RECORD
 HIGH             98   08/10/1987
                       08/15/1964
                       08/22/1952
 LOW              67   08/27/1957
HIGHEST           96   08/25                          93  08/09
                       08/27
                       08/28
LOWEST            73   08/09                          71  08/26
AVG. MAXIMUM    93.6               91.6     2.0     90.0
AVG. MINIMUM    81.0               79.7     1.3     79.5
MEAN            87.3               85.6     1.7     84.7
DAYS MAX >= 90    30               27.4     2.6       21
DAYS MAX <= 32     0                0.0     0.0        0
DAYS MIN <= 32     0                0.0     0.0        0
DAYS MIN <= 0      0                0.0     0.0        0

PRECIPITATION (INCHES)
RECORD
 MAXIMUM       13.12   2008
 MINIMUM        1.40   1990
TOTALS          2.42               5.32   -2.90     4.64
DAILY AVG.      0.08               0.17   -0.09     0.15
DAYS >= .01        8               14.3    -6.3       12
DAYS >= .10        4                8.1    -4.1        8
DAYS >= .50        1                3.2    -2.2        3
DAYS >= 1.00       1                1.4    -0.4        2
GREATEST
 24 HR. TOTAL   1.29   08/09 TO 08/09


DEGREE DAYS
HEATING TOTAL      0                  0       0        0
 SINCE 7/1         0                  0       0        0
COOLING TOTAL    698                640      58      620
 SINCE 1/1      3874               3470     404     3509
................................................................

WIND (MPH)
AVERAGE WIND SPEED              6.6
HIGHEST WIND SPEED/DIRECTION    21/130    DATE  08/09
HIGHEST GUST SPEED/DIRECTION    35/130    DATE  08/09

SKY COVER
POSSIBLE SUNSHINE (PERCENT)   MM
AVERAGE SKY COVER           0.15
NUMBER OF DAYS FAIR           30
NUMBER OF DAYS PC              1
NUMBER OF DAYS CLOUDY          0

AVERAGE RH (PERCENT)     69

WEATHER CONDITIONS. NUMBER OF DAYS WITH
THUNDERSTORM             11     MIXED PRECIP               0
HEAVY RAIN                3     RAIN                       5
LIGHT RAIN               11     FREEZING RAIN              0
LT FREEZING RAIN          0     HAIL                       0
HEAVY SNOW                0     SNOW                       0
LIGHT SNOW                0     SLEET                      0
FOG                       7     FOG W/VIS <= 1/4 MILE      0
HAZE                      4

-  INDICATES NEGATIVE NUMBERS.
R  INDICATES RECORD WAS SET OR TIED.
MM INDICATES DATA IS MISSING.
T  INDICATES TRACE AMOUNT.

$$

MARATHON DAILY RECORDS, AUGUST 2022 AND YEAR-TO-DATE

RECORD                    AUG 2022     2022
======                    ========   ========
MAXIMUM TEMPERATURE           9         22
COOL MAXIMUM TEMPERATURE      0          2
WARM MINIMUM TEMPERATURE      3         19
MINIMUM TEMPERATURE           0          2
RAINFALL                      0          3


TOP 10 WARMEST AUGUSTS ON RECORD FOR MARATHON

RANKING    YEAR    AVERAGE (DEG F)
=======    ====    ===============
   1       2022         87.3
   2       2017         86.8
           2015         86.8
           1998         86.8
   5       2002         86.7
   6       2019         86.5
   7       2009         86.4
           2005         86.4
   9       2011         86.3
  10       2014         86.2

CORRECTED DAILY RECORDS TABLE FOR MINIMUM TEMPERATURE

ROSS
