000
CXUS55 KGJT 010949
CLMMTJ

CLIMATE REPORT
NATIONAL WEATHER SERVICE GRAND JUNCTION CO
349 AM MDT THU SEP 01 2022

...................................

...THE MONTROSE CO CLIMATE SUMMARY FOR THE MONTH OF AUGUST 2022...

CLIMATE NORMAL PERIOD 1991 TO 2020
CLIMATE RECORD PERIOD 9999 TO 9999

WEATHER         OBSERVED          NORMAL  DEPART   LAST YEAR`S
                VALUE   DATE(S)   VALUE   FROM     VALUE DATE(S)
                                          NORMAL
................................................................
TEMPERATURE (F)
HIGHEST           94   08/09         MM      MM       95  08/13
                       08/10
LOWEST            50   08/27         MM      MM       45  08/20
AVG. MAXIMUM    87.1               86.7     0.4     87.3
AVG. MINIMUM    58.3               56.1     2.2     56.5
MEAN            72.7               71.4     1.3     71.9
DAYS MAX >= 90    15               10.8     4.2       16
DAYS MAX <= 32     0                0.0     0.0        0
DAYS MIN <= 32     0                0.0     0.0        0
DAYS MIN <= 0      0                0.0     0.0        0

PRECIPITATION (INCHES)
TOTALS          0.60               0.90   -0.30     1.57
DAILY AVG.      0.02               0.03   -0.01     0.05
DAYS >= .01       10                7.2     2.8        5
DAYS >= .10        2                3.0    -1.0        2
DAYS >= .50        0                0.2    -0.2        1
DAYS >= 1.00       0                0.0     0.0        1
GREATEST
 24 HR. TOTAL   0.18   08/14 TO 08/15               1.27

SNOWFALL (INCHES)
TOTALS            MM                 MM      MM       MM
SINCE 7/1         MM                 MM      MM       MM
SNOWDEPTH AVG.    MM                                  MM
DAYS >= 1.0       MM                 MM      MM       MM
GREATEST
 SNOW DEPTH       MM                                  MM  MM
 24 HR TOTAL      MM                                  MM

DEGREE DAYS
HEATING TOTAL      1                  4      -3       14
 SINCE 7/1         1                  1       0       14
COOLING TOTAL    246                203      43      236
 SINCE 1/1       760                649     111      831
................................................................

WIND (MPH)
AVERAGE WIND SPEED              6.9
HIGHEST WIND SPEED/DIRECTION    36/160    DATE  08/25
HIGHEST GUST SPEED/DIRECTION    47/360    DATE  08/11

SKY COVER
POSSIBLE SUNSHINE (PERCENT)   MM
AVERAGE SKY COVER           0.16
NUMBER OF DAYS FAIR           26
NUMBER OF DAYS PC              5
NUMBER OF DAYS CLOUDY          0

AVERAGE RH (PERCENT)     49

WEATHER CONDITIONS. NUMBER OF DAYS WITH
THUNDERSTORM              8     MIXED PRECIP               0
HEAVY RAIN                2     RAIN                       4
LIGHT RAIN               14     FREEZING RAIN              0
LT FREEZING RAIN          0     HAIL                       0
HEAVY SNOW                0     SNOW                       0
LIGHT SNOW                0     SLEET                      0
FOG                       2     FOG W/VIS <= 1/4 MILE      0
HAZE                      1

-  INDICATES NEGATIVE NUMBERS.
R  INDICATES RECORD WAS SET OR TIED.
MM INDICATES DATA IS MISSING.
T  INDICATES TRACE AMOUNT.

$$
