000
CXUS53 KILX 011359
CLMMTO

CLIMATE REPORT
NATIONAL WEATHER SERVICE LINCOLN IL
859 AM CDT SAT OCT 01 2022

...................................

...THE MATTOON IL AIRPORT CLIMATE SUMMARY FOR THE MONTH OF SEPTEMBER 2022...

CLIMATE NORMAL PERIOD 1991 TO 2020
CLIMATE RECORD PERIOD 9999 TO 9999

WEATHER         OBSERVED          NORMAL  DEPART   LAST YEAR`S
                VALUE   DATE(S)   VALUE   FROM     VALUE
                                          NORMAL
..............................................................
TEMPERATURE (F)
RECORD
 HIGH             MM   MM
 LOW              37   09/28/2022
HIGHEST           93   09/20         MM      MM       89
                       09/21
LOWEST            37R  09/28         MM      MM       46
AVG. MAXIMUM    78.1               78.7    -0.6     81.5
AVG. MINIMUM    56.5               56.1     0.4     59.4
MEAN            67.3               67.4    -0.1     70.4
DAYS MAX >= 90     2                3.0    -1.0        0
DAYS MAX <= 32     0                0.0     0.0        0
DAYS MIN <= 32     0                0.0     0.0        0
DAYS MIN <= 0      0                0.0     0.0        0

PRECIPITATION (INCHES)
RECORD
 MAXIMUM        3.57   2021
 MINIMUM        1.03   2022
TOTALS          1.03R              2.85   -1.82     3.57
DAILY AVG.      0.03               0.09   -0.06     0.12
DAYS >= .01        5                7.8    -2.8        9
DAYS >= .10        4                3.8     0.2        5
DAYS >= .50        0                1.7    -1.7        3
DAYS >= 1.00       0                0.7    -0.7        1
GREATEST
 24 HR. TOTAL   0.39   09/03 TO 09/04               1.59


DEGREE DAYS
HEATING TOTAL     72                 61      11       19
 SINCE 7/1        72                 65       7       MM
COOLING TOTAL    147                133      14      190
 SINCE 1/1      1238               1091     147       MM
..............................................................

WIND (MPH)
AVERAGE WIND SPEED              6.5
HIGHEST WIND SPEED/DIRECTION    26/010    DATE  09/22
                                26/300          09/25
                                26/330          09/27
HIGHEST GUST SPEED/DIRECTION    42/270    DATE  09/25

AVERAGE RH (PERCENT)     71

WEATHER CONDITIONS. NUMBER OF DAYS WITH
THUNDERSTORM              2     MIXED PRECIP               0
HEAVY RAIN                1     RAIN                       5
LIGHT RAIN                8     FREEZING RAIN              0
LT FREEZING RAIN          0     HAIL                       0
HEAVY SNOW                0     SNOW                       0
LIGHT SNOW                0     SLEET                      0
FOG                      14     FOG W/VIS <= 1/4 MILE      1
HAZE                      4

-  INDICATES NEGATIVE NUMBERS.
R  INDICATES RECORD WAS SET OR TIED.
MM INDICATES DATA IS MISSING.
T  INDICATES TRACE AMOUNT.

$$
