000
CXUS51 KBTV 011223
CLMMVL

CLIMATE REPORT
NATIONAL WEATHER SERVICE BURLINGTON VT
823 AM EDT THU SEP 01 2022

...................................

...THE MORRISVILLE VT CLIMATE SUMMARY FOR THE MONTH OF AUGUST 2022...

CLIMATE NORMAL PERIOD: 1991 TO 2020
CLIMATE RECORD PERIOD: 9999 TO 9999

WEATHER         OBSERVED          NORMAL  DEPART   LAST YEAR`S
                VALUE   DATE(S)   VALUE   FROM     VALUE DATE(S)
                                          NORMAL
................................................................
TEMPERATURE (F)
RECORD
 HIGH             95
 LOW              40
HIGHEST           92   08/06         MM      MM       90  08/13
                                                          08/26
LOWEST            44   08/15         MM      MM       45  08/16
AVG. MAXIMUM    81.0               77.4     3.6     81.0
AVG. MINIMUM    56.4               52.9     3.5     59.1
MEAN            68.7               65.2     3.5     70.0
DAYS MAX >= 90     4                0.8     3.2        2
DAYS MAX <= 32     0                0.0     0.0        0
DAYS MIN <= 32     0                0.0     0.0        0
DAYS MIN <= 0      0                0.0     0.0        0

PRECIPITATION (INCHES)
RECORD
 MAXIMUM        6.25   2011
 MINIMUM        1.15   2015
TOTALS          1.69               3.50   -1.81     3.82
DAILY AVG.      0.05               0.11   -0.06     0.12
DAYS >= .01       14               15.4    -1.4       12
DAYS >= .10        5                7.5    -2.5        9
DAYS >= .50        0                1.8    -1.8        4
DAYS >= 1.00       0                0.7    -0.7        0
GREATEST
 24 HR. TOTAL   0.46   08/30 TO 08/31               0.99  08/01 TO 08/02
 STORM TOTAL    0.44                                0.76
 (MM/DD(HH))            MM


DEGREE DAYS
HEATING TOTAL     18                 68     -50       24
 SINCE 7/1        43                106     -63       MM
COOLING TOTAL    142                 72      70      188
 SINCE 1/1       318                223      95       MM
................................................................

WIND (MPH)
AVERAGE WIND SPEED              3.4
HIGHEST WIND SPEED/DIRECTION    28/200    DATE  08/08
HIGHEST GUST SPEED/DIRECTION    42/210    DATE  08/08

SKY COVER
POSSIBLE SUNSHINE (PERCENT)   MM
AVERAGE SKY COVER           0.48
NUMBER OF DAYS FAIR           13
NUMBER OF DAYS PC             13
NUMBER OF DAYS CLOUDY          5

AVERAGE RH (PERCENT)     72

WEATHER CONDITIONS. NUMBER OF DAYS WITH
THUNDERSTORM              5     MIXED PRECIP               0
HEAVY RAIN                4     RAIN                       5
LIGHT RAIN               17     FREEZING RAIN              0
LT FREEZING RAIN          0     HAIL                       0
HEAVY SNOW                0     SNOW                       0
LIGHT SNOW                0     SLEET                      0
FOG                      24     FOG W/VIS <= 1/4 MILE     13
HAZE                      1

-  INDICATES NEGATIVE NUMBERS.
R  INDICATES RECORD WAS SET OR TIED.
MM INDICATES DATA IS MISSING.
T  INDICATES TRACE AMOUNT.

$$
