000
CXUS56 KOTX 011200
CLMMWH

CLIMATE REPORT
NATIONAL WEATHER SERVICE SPOKANE WA
500 AM PDT THU SEP 01 2022

...................................

...THE MOSES LAKE WA AIRPORT CLIMATE SUMMARY FOR THE MONTH OF AUGUST 2022...

CLIMATE NORMAL PERIOD 1991 TO 2020
CLIMATE RECORD PERIOD 9999 TO 9999

WEATHER         OBSERVED          NORMAL  DEPART   LAST YEAR`S
                VALUE   DATE(S)   VALUE   FROM     VALUE DATE(S)
                                          NORMAL
................................................................
TEMPERATURE (F)
RECORD
 HIGH            112   08/04/1961
 LOW              42   08/30/2012
HIGHEST          106   08/18         MM      MM      102  08/11
                                                          08/12
                                                          08/15
LOWEST            51   08/28         MM      MM       46  08/24
AVG. MAXIMUM    94.2               88.3     5.9     87.6
AVG. MINIMUM    61.1               56.1     5.0     57.5
MEAN            77.6               72.2     5.4     72.5
DAYS MAX >= 90    23               15.0     8.0       12
DAYS MAX <= 32     0                0.0     0.0        0
DAYS MIN <= 32     0                0.0     0.0        0
DAYS MIN <= 0      0                0.0     0.0        0

PRECIPITATION (INCHES)
RECORD
 MAXIMUM        1.14   1951
 MINIMUM        0.00   2012
TOTALS          0.00R              0.15   -0.15     0.16
DAILY AVG.      0.00               0.00   -0.00     0.01
DAYS >= .01        0                2.0    -2.0        3
DAYS >= .10        0                0.5    -0.5        1
DAYS >= .50        0                0.0     0.0        0
DAYS >= 1.00       0                0.0     0.0        0
GREATEST
 24 HR. TOTAL   0.00   07/31 TO 07/31               0.13


DEGREE DAYS
HEATING TOTAL      0                  9      -9        4
 SINCE 7/1         0                 12     -12       MM
COOLING TOTAL    401                232     169      242
 SINCE 1/1       842                623     219       MM
................................................................

WIND (MPH)
AVERAGE WIND SPEED              7.1
HIGHEST WIND SPEED/DIRECTION    25/250    DATE  08/02
                                25/260          08/27
HIGHEST GUST SPEED/DIRECTION    32/240    DATE  08/04
                                32/250          08/02
                                32/260          08/27

SKY COVER
POSSIBLE SUNSHINE (PERCENT)   MM
AVERAGE SKY COVER           0.02
NUMBER OF DAYS FAIR           31
NUMBER OF DAYS PC              0
NUMBER OF DAYS CLOUDY          0

AVERAGE RH (PERCENT)     37

WEATHER CONDITIONS. NUMBER OF DAYS WITH
THUNDERSTORM              0     MIXED PRECIP               0
HEAVY RAIN                0     RAIN                       0
LIGHT RAIN                0     FREEZING RAIN              0
LT FREEZING RAIN          0     HAIL                       0
HEAVY SNOW                0     SNOW                       0
LIGHT SNOW                0     SLEET                      0
FOG                       0     FOG W/VIS <= 1/4 MILE      0
HAZE                      3

-  INDICATES NEGATIVE NUMBERS.
R  INDICATES RECORD WAS SET OR TIED.
MM INDICATES DATA IS MISSING.
T  INDICATES TRACE AMOUNT.

$$
