000
CXUS51 KOKX 011415
CLMNYC

CLIMATE REPORT
NATIONAL WEATHER SERVICE NEW YORK, NY
1015 AM EDT THU SEP 01 2022

...................................

...THE CENTRAL PARK NY CLIMATE SUMMARY FOR THE MONTH OF AUGUST 2022...

CLIMATE NORMAL PERIOD 1991 TO 2020
CLIMATE RECORD PERIOD 1869 TO 2022

WEATHER         OBSERVED          NORMAL  DEPART   LAST YEAR`S
                VALUE   DATE(S)   VALUE   FROM     VALUE DATE(S)
                                          NORMAL
................................................................
TEMPERATURE (F)
RECORD
 HIGH            104   08/07/1918
 LOW              50   08/29/1986
                       08/31/1976
                       08/30/1965
HIGHEST           97   08/09         MM      MM       94  08/13
LOWEST            62   08/18         MM      MM       63  08/02
AVG. MAXIMUM    86.9               83.3     3.6     83.9
AVG. MINIMUM    71.7               68.9     2.8     71.2
MEAN            79.3               76.1     3.2     77.5
DAYS MAX >= 90    11                4.9     6.1        5
DAYS MAX <= 32     0                0.0     0.0        0
DAYS MIN <= 32     0                0.0     0.0        0
DAYS MIN <= 0      0                0.0     0.0        0

PRECIPITATION (INCHES)
RECORD
 MAXIMUM       18.95   2011
 MINIMUM        0.18   1995
TOTALS          1.71               4.56   -2.85    10.32
DAILY AVG.      0.06               0.15   -0.09     0.33
DAYS >= .01        8               10.0    -2.0        9
DAYS >= .10        7                6.5     0.5        8
DAYS >= .50        0                3.1    -3.1        5
DAYS >= 1.00       0                1.2    -1.2        3
GREATEST
 24 HR. TOTAL   0.48   08/01 TO 08/01               7.05  08/21 TO 08/22
 STORM TOTAL    0.48                                4.45
 (MM/DD(HH))            MM

DEGREE DAYS
HEATING TOTAL      0                  1      -1        0
 SINCE 7/1         0                  0       0       MM
COOLING TOTAL    451                345     106      396
 SINCE 1/1      1192               1040     152       MM
................................................................

WIND (MPH)
AVERAGE WIND SPEED              3.6
HIGHEST WIND SPEED/DIRECTION    17/060    DATE  08/16
HIGHEST GUST SPEED/DIRECTION    26/250    DATE  08/07

AVERAGE RH (PERCENT)     61

WEATHER CONDITIONS. NUMBER OF DAYS WITH
THUNDERSTORM              4     MIXED PRECIP               0
HEAVY RAIN                5     RAIN                       3
LIGHT RAIN               10     FREEZING RAIN              0
LT FREEZING RAIN          0     HAIL                       0
HEAVY SNOW                0     SNOW                       0
LIGHT SNOW                0     SLEET                      0
FOG                       9     FOG W/VIS <= 1/4 MILE      1
HAZE                      3

-  INDICATES NEGATIVE NUMBERS.
R  INDICATES RECORD WAS SET OR TIED.
MM INDICATES DATA IS MISSING.
T  INDICATES TRACE AMOUNT.

$$
