000
CXUS55 KPSR 011012
CLMNYL

CLIMATE REPORT
NATIONAL WEATHER SERVICE PHOENIX AZ
312 AM MST THU SEP 01 2022

...................................

...THE YUMA AZ CLIMATE SUMMARY FOR THE MONTH OF AUGUST 2022...

CLIMATE NORMAL PERIOD 1991 TO 2020
CLIMATE RECORD PERIOD 1876 TO 2022

WEATHER         OBSERVED          NORMAL  DEPART   LAST YEAR`S
                VALUE   DATE(S)   VALUE   FROM     VALUE
                                          NORMAL
..............................................................
TEMPERATURE (F)
RECORD
 HIGH            120   08/27/1981
 LOW              58   08/30/1907
HIGHEST          113   08/30        114      -1
LOWEST            76   08/22         74       2
AVG. MAXIMUM   105.0              106.4    -1.4
AVG. MINIMUM    83.7               83.2     0.5
MEAN            94.4               94.8    -0.4
DAYS MAX >= 90    31               31.0     0.0
DAYS MAX >= 100   29
DAYS MAX >= 110    3
DAYS MIN <= 32     0                0.0     0.0
DAYS MIN >= 90     0

PRECIPITATION (INCHES)
RECORD
 MAXIMUM        6.25   1909
 MINIMUM        0.00   2020
TOTALS          0.58               0.20    0.38
DAYS >= .01        5                1.4     3.6
DAYS >= .10        1                0.6     0.4
DAYS >= .50        0                0.1    -0.1
DAYS >= 1.00       0                0.0     0.0
GREATEST
 24 HR. TOTAL   0.39   08/13 TO 08/13


DEGREE DAYS
HEATING TOTAL      0                  0       0
 SINCE 7/1         0                  0       0
COOLING TOTAL    920                924      -4
 SINCE 1/1      3644               3468     176
..............................................................

WIND (MPH)
AVERAGE WIND SPEED              8.0
HIGHEST GUST SPEED/DIRECTION    68/030    DATE  08/10

AVERAGE RH (PERCENT)     50

WEATHER CONDITIONS. NUMBER OF DAYS WITH
THUNDERSTORM             14     HEAVY RAIN                 1
RAIN                      3     LIGHT RAIN                 8
FOG W/VIS <= 1/4 MILE     0

-  INDICATES NEGATIVE NUMBERS.
R  INDICATES RECORD WAS SET OR TIED.
MM INDICATES DATA IS MISSING.
T  INDICATES TRACE AMOUNT.

$$
