000
CXUS53 KOAX 011630
CLMOAX

CLIMATE REPORT
NATIONAL WEATHER SERVICE OMAHA/VALLEY NE
1112 AM CDT THU SEP 01 2022

...................................

...THE VALLEY NWS NE CLIMATE SUMMARY FOR THE MONTH OF AUGUST 2022...

CLIMATE NORMAL PERIOD 1991 TO 2020
CLIMATE RECORD PERIOD 1997 TO 2022

WEATHER         OBSERVED          NORMAL  DEPART
                VALUE   DATE(S)   VALUE   FROM
                                          NORMAL
................................................
TEMPERATURE (F)
HIGHEST           99   08/02
                       08/06
LOWEST            58   08/09
                       08/30
AVG. MAXIMUM    88.1               84.3     3.8
AVG. MINIMUM    66.2               65.3     0.9
MEAN            77.2               74.8     2.4
DAYS MAX >= 90    13
DAYS MAX <= 32     0
DAYS MIN <= 32     0
DAYS MIN <= 0      0

PRECIPITATION (INCHES)
TOTALS          2.35
DAYS >= .01        8
DAYS >= .10        6
DAYS >= .50        1
DAYS >= 1.00       0
GREATEST
 24 HR. TOTAL   0.92   08/15 TO 08/16

SNOWFALL (INCHES)
TOTALS           0.0
SINCE 7/1        0.0
DAYS >= 1.0        0
GREATEST
 SNOW DEPTH        0
 24 HR TOTAL       0

DEGREE DAYS
HEATING TOTAL      0
 SINCE 7/1         0
COOLING TOTAL    388
 SINCE 1/1      1296
................................................

WIND (MPH)
HIGHEST GUST SPEED/DIRECTION    30


WEATHER CONDITIONS. NUMBER OF DAYS WITH
THUNDERSTORM              6     MIXED PRECIP               0
HEAVY RAIN                1     RAIN                       5
LIGHT RAIN               12     FREEZING RAIN              0
LT FREEZING RAIN          0     HAIL                       0
HEAVY SNOW                0     SNOW                       0
LIGHT SNOW                0     SLEET                      0
FOG                       2     FOG W/VIS <= 1/4 MILE      0
HAZE                      0

-  INDICATES NEGATIVE NUMBERS.
R  INDICATES RECORD WAS SET OR TIED.
MM INDICATES DATA IS MISSING.
T  INDICATES TRACE AMOUNT.

&&

AUGUST IN VALLEY WAS WARMER AND DRIER THAN NORMAL. THE MONTH ENDED UP
2.4 DEGREES ABOVE NORMAL FOR AVERAGE TEMPERATURE AND 1.95 INCHES
BELOW NORMAL FOR PRECIPITATION.

$$
