000
CXUS53 KGID 011329
CLMODX

CLIMATE REPORT
NATIONAL WEATHER SERVICE HASTINGS NE
829 AM CDT SAT OCT 01 2022

...................................

...THE ORD NE CLIMATE SUMMARY FOR THE MONTH OF SEPTEMBER 2022...

CLIMATE NORMAL PERIOD 1991 TO 2020
CLIMATE RECORD PERIOD 1895 TO 2022

WEATHER         OBSERVED          NORMAL  DEPART   LAST YEAR`S
                VALUE   DATE(S)   VALUE   FROM     VALUE DATE(S)
                                          NORMAL
................................................................
TEMPERATURE (F)
HIGHEST           98   09/02         MM      MM       94  09/26
                       09/20
LOWEST            35   09/26         MM      MM       36  09/22
AVG. MAXIMUM    84.3               77.4     6.9     80.8
AVG. MINIMUM    49.6               49.3     0.3     51.9
MEAN            66.9               63.4     3.5     66.4
DAYS MAX >= 90     9                3.5     5.5        6
DAYS MAX <= 32     0                0.0     0.0        0
DAYS MIN <= 32     0                0.6    -0.6        0
DAYS MIN <= 0      0                0.0     0.0        0

PRECIPITATION (INCHES)
TOTALS          1.00               2.22   -1.22     2.53
DAILY AVG.      0.03               0.07   -0.04     0.08
DAYS >= .01        6                8.2    -2.2        7
DAYS >= .10        3                4.0    -1.0        5
DAYS >= .50        1                1.2    -0.2        3
DAYS >= 1.00       0                0.4    -0.4        0
GREATEST
 24 HR. TOTAL   0.64   09/15 TO 09/15


DEGREE DAYS
HEATING TOTAL     56                128     -72       54
 SINCE 7/1        58                143     -85       MM
COOLING TOTAL    124                 78      46      104
 SINCE 1/1      1106                833     273       MM
................................................................

WIND (MPH)
AVERAGE WIND SPEED              6.9
HIGHEST WIND SPEED/DIRECTION    24/180    DATE  09/08
                                24/320          09/25
HIGHEST GUST SPEED/DIRECTION    36/200    DATE  09/08

SKY COVER
POSSIBLE SUNSHINE (PERCENT)   MM
AVERAGE SKY COVER           0.14
NUMBER OF DAYS FAIR           24
NUMBER OF DAYS PC              6
NUMBER OF DAYS CLOUDY          0

AVERAGE RH (PERCENT)     62

WEATHER CONDITIONS. NUMBER OF DAYS WITH
THUNDERSTORM              4     MIXED PRECIP               0
HEAVY RAIN                1     RAIN                       1
LIGHT RAIN               11     FREEZING RAIN              0
LT FREEZING RAIN          0     HAIL                       0
HEAVY SNOW                0     SNOW                       0
LIGHT SNOW                0     SLEET                      0
FOG                       9     FOG W/VIS <= 1/4 MILE      5
HAZE                      0

-  INDICATES NEGATIVE NUMBERS.
R  INDICATES RECORD WAS SET OR TIED.
MM INDICATES DATA IS MISSING.
T  INDICATES TRACE AMOUNT.

$$
