000
CXUS53 KOAX 011411
CLMOFK

CLIMATE REPORT
NATIONAL WEATHER SERVICE OMAHA/VALLEY NE
911 AM CDT SAT OCT 01 2022

...................................

...THE NORFOLK NE CLIMATE SUMMARY FOR THE MONTH OF SEPTEMBER 2022...

CLIMATE NORMAL PERIOD 1991 TO 2020
CLIMATE RECORD PERIOD 1888 TO 2022

WEATHER         OBSERVED          NORMAL  DEPART
                VALUE   DATE(S)   VALUE   FROM
                                          NORMAL
................................................
TEMPERATURE (F)
HIGHEST          100   09/20
LOWEST            39   09/26
AVG. MAXIMUM    84.2               77.4     6.8
AVG. MINIMUM    54.1               51.3     2.8
MEAN            69.2               64.4     4.8
DAYS MAX >= 90    10
DAYS MAX <= 32     0
DAYS MIN <= 32     0
DAYS MIN <= 0      0

PRECIPITATION (INCHES)
RECORD
 MAXIMUM        8.52   1901
 MINIMUM        0.10   1892
TOTALS          1.49               2.37   -0.88
DAYS >= .01        5
DAYS >= .10        4
DAYS >= .50        1
DAYS >= 1.00       0
GREATEST
 24 HR. TOTAL   0.79   09/17 TO 09/17

SNOWFALL (INCHES)
RECORDS
 TOTAL           1.1   1985
TOTALS           0.0                0.0     0.0
SINCE 7/1        0.0
DAYS >= 1.0        0
GREATEST
 SNOW DEPTH        0
 24 HR TOTAL      MM

DEGREE DAYS
HEATING TOTAL     40                116     -76
 SINCE 7/1        40                131     -91
COOLING TOTAL    172                 96      76
 SINCE 1/1      1307                897     410
................................................

WIND (MPH)
AVERAGE WIND SPEED              9.3
HIGHEST WIND SPEED/DIRECTION    32/340    DATE  09/25
HIGHEST GUST SPEED/DIRECTION    43/260    DATE  09/17

SKY COVER
AVERAGE SKY COVER           0.12


WEATHER CONDITIONS. NUMBER OF DAYS WITH
THUNDERSTORM              3     MIXED PRECIP               0
HEAVY RAIN                1     RAIN                       3
LIGHT RAIN                6     FREEZING RAIN              0
LT FREEZING RAIN          0     HAIL                       0
HEAVY SNOW                0     SNOW                       0
LIGHT SNOW                0     SLEET                      0
FOG                       8     FOG W/VIS <= 1/4 MILE      1
HAZE                      1

-  INDICATES NEGATIVE NUMBERS.
R  INDICATES RECORD WAS SET OR TIED.
MM INDICATES DATA IS MISSING.
T  INDICATES TRACE AMOUNT.

&&

SEPTEMBER IN NORFOLK WAS MUCH WARMER AND DRIER THAN NORMAL. THE
MONTH ENDED UP 4.8 DEGREES ABOVE NORMAL FOR AVERAGE TEMPERATURE AND
0.88 INCHES BELOW NORMAL FOR PRECIPITATION. IT WAS THE 9TH WARMEST
SEPTEMBER ON RECORD. A NEW DAILY MAXIMUM TEMPERATURE RECORD WAS TIED
ON SEPTEMBER 20TH.

NEW DAILY RECORDS FOR SEPTEMBER 2022

DATE          RECORD                 VALUE     PREVIOUS RECORD
SEP 20       MAXIMUM TEMPERATURE      100        100 IN 1895

$$
