000
CXUS52 KCAE 011724
CLMOGB

CLIMATE REPORT
NATIONAL WEATHER SERVICE COLUMBIA SC
124 PM EDT THU SEP 01 2022

...................................

...THE ORANGEBURG AIRPORT SC CLIMATE SUMMARY FOR THE MONTH OF AUGUST 2022...

CLIMATE NORMAL PERIOD: 1991 TO 2020
CLIMATE RECORD PERIOD: 9999 TO 9999

WEATHER         OBSERVED          NORMAL  DEPART   LAST YEAR`S
                VALUE   DATE(S)   VALUE   FROM     VALUE
                                          NORMAL
..............................................................
TEMPERATURE (F)
HIGHEST           98   08/01         MM      MM
LOWEST            62   08/14         MM      MM
AVG. MAXIMUM    88.5               90.4    -1.9
AVG. MINIMUM    71.4               71.3     0.1
MEAN            79.9               80.8    -0.9
DAYS MAX >= 90    15               20.4    -5.4
DAYS MAX <= 32     0                0.0     0.0
DAYS MIN <= 32     0                0.0     0.0
DAYS MIN <= 0      0                0.0     0.0

PRECIPITATION (INCHES)
TOTALS          6.69               4.21    2.48
DAYS >= .01       15               11.2     3.8
DAYS >= .10       10                5.7     4.3
DAYS >= .50        4                2.4     1.6
DAYS >= 1.00       2                0.9     1.1
GREATEST
 24 HR. TOTAL   1.73   08/24 TO 08/25

DAYS >= TRACE     MM

DEGREE DAYS
HEATING TOTAL      0                  0       0
 SINCE 7/1         0                  0       0
COOLING TOTAL    471                491     -20
 SINCE 1/1      1909               1778     131
..............................................................

WIND (MPH)
AVERAGE WIND SPEED              4.2
RESULTANT WIND SPEED/DIRECTION   1/190
HIGHEST WIND SPEED/DIRECTION    31/240    DATE  08/11
HIGHEST GUST SPEED/DIRECTION    42/230    DATE  08/10

SKY COVER
POSSIBLE SUNSHINE (PERCENT)   MM
AVERAGE SKY COVER           0.36
NUMBER OF DAYS FAIR           18
NUMBER OF DAYS PC             10
NUMBER OF DAYS CLOUDY          3

AVERAGE RH (PERCENT)     80

WEATHER CONDITIONS. NUMBER OF DAYS WITH
THUNDERSTORM             13     MIXED PRECIP               0
HEAVY RAIN                9     RAIN                       7
LIGHT RAIN               18     FREEZING RAIN              0
LT FREEZING RAIN          0     HAIL                       0
HEAVY SNOW                0     SNOW                       0
LIGHT SNOW                0     SLEET                      0
FOG                      22     FOG W/VIS <= 1/4 MILE      4
HAZE                      0

-  INDICATES NEGATIVE NUMBERS.
R  INDICATES RECORD WAS SET OR TIED.
MM INDICATES DATA IS MISSING.
T  INDICATES TRACE AMOUNT.

$$
