000
CXHW52 PHFO 021815
CLMOGG

CLIMATE REPORT
NATIONAL WEATHER SERVICE HONOLULU HI
815 AM HST FRI SEP 02 2022

...................................

...THE KAHULUI HI CLIMATE SUMMARY FOR THE MONTH OF AUGUST 2022...

CLIMATE NORMAL PERIOD 1991 TO 2020
CLIMATE RECORD PERIOD 1954 TO 2022

WEATHER         OBSERVED          NORMAL  DEPART   LAST YEAR`S
                VALUE   DATE(S)   VALUE   FROM     VALUE DATE(S)
                                          NORMAL
................................................................
TEMPERATURE (F)
RECORD
 HIGH             97   08/22/2015
                       08/31/1994
 LOW              60   08/30/2019
HIGHEST           96   08/06         88       8       89  08/18
                                                          08/19
                                                          08/27
LOWEST            68   08/04         71      -3       63  08/16
                       08/26
                       08/31
AVG. MAXIMUM    91.9               89.9     2.0     87.5
AVG. MINIMUM    72.7               72.3     0.4     71.0
MEAN            82.3               81.1     1.2     79.3
DAYS MAX >= 90    23                                   0
DAYS MAX >= 93    13                                   0
DAYS MAX <= 80     0                                   0
DAYS MIN >= 72    18                                  20
DAYS MIN <= 60     0                                   0
DAYS MIN <= 55     0                                   0

PRECIPITATION (INCHES)
RECORD
 MAXIMUM        1.93   2018
 MINIMUM        0.02   1973
TOTALS          0.06               0.53   -0.47     0.66
DAILY AVG.      0.00               0.02   -0.02     0.02
DAYS >= .01        3                7.4    -4.4        7
DAYS >= .10        0                1.3    -1.3        3
DAYS >= .50        0                0.2    -0.2        0
DAYS >= 1.00       0                0.0     0.0        0
GREATEST
 24 HR. TOTAL   0.04   07/31 TO 08/01               0.39

SNOWFALL (INCHES)
RECORDS
 TOTAL            MM   0
TOTALS            MM                 MM      MM       MM
SINCE 7/1         MM                 MM      MM       MM
SNOWDEPTH AVG.    MM                                  MM
DAYS >= 1.0       MM                 MM      MM       MM
GREATEST
 SNOW DEPTH       MM                                  MM  MM
 24 HR TOTAL      MM                                  MM

DEGREE DAYS
HEATING TOTAL      0                  0       0        0
 SINCE 7/1         0                  0       0       MM
COOLING TOTAL    507                499       8      451
 SINCE 1/1      3089               2847     242       MM
................................................................

WIND (MPH)
AVERAGE WIND SPEED              13.8
HIGHEST WIND SPEED/DIRECTION    35/050    DATE  08/20
HIGHEST GUST SPEED/DIRECTION    45/050    DATE  08/10

SKY COVER
POSSIBLE SUNSHINE (PERCENT)   MM
AVERAGE SKY COVER           0.23
NUMBER OF DAYS FAIR           26
NUMBER OF DAYS PC              5
NUMBER OF DAYS CLOUDY          0

AVERAGE RH (PERCENT)     60

WEATHER CONDITIONS. NUMBER OF DAYS WITH
THUNDERSTORM              0     MIXED PRECIP               0
HEAVY RAIN                0     RAIN                       1
LIGHT RAIN                2     FREEZING RAIN              0
LT FREEZING RAIN          0     HAIL                       0
HEAVY SNOW                0     SNOW                       0
LIGHT SNOW                0     SLEET                      0
FOG                       0     FOG W/VIS <= 1/4 MILE      0
HAZE                      3

-  INDICATES NEGATIVE NUMBERS.
R  INDICATES RECORD WAS SET OR TIED.
MM INDICATES DATA IS MISSING.
T  INDICATES TRACE AMOUNT.

$$
