000
CXUS53 KEAX 010640
CLMOJC

STLCLMWK4 000
TTAA00 EAX 010636

CLIMATE REPORT
NATIONAL WEATHER SERVICE KANSAS CITY/PLEASANT HILL MO
136 AM CDT SAT OCT 01 2022

...................................

...THE JOHNSON COUNTY EXECUTIVE KS CLIMATE SUMMARY FOR THE MONTH OF SEPTEMBER 2022...

CLIMATE NORMAL PERIOD: 1991 TO 2020
CLIMATE RECORD PERIOD: 9999 TO 9999

WEATHER         OBSERVED          NORMAL  DEPART   LAST YEAR`S
                VALUE   DATE(S)   VALUE   FROM     VALUE DATE(S)
                                          NORMAL
................................................................
TEMPERATURE (F)
HIGHEST           97   09/19         92       5       91  09/26
                       09/20
LOWEST            46   09/29         42       4       48  09/23
                       09/30
AVG. MAXIMUM    83.1               78.1     5.0     83.1
AVG. MINIMUM    59.5               58.6     0.9     62.6
MEAN            71.3               68.4     2.9     72.8
DAYS MAX >= 90     4                2.8     1.2        3
DAYS MAX <= 32     0                0.0     0.0        0
DAYS MIN <= 32     0                0.0     0.0        0
DAYS MIN <= 0      0                0.0     0.0        0

PRECIPITATION (INCHES)
TOTALS          0.42R              3.54   -3.12     2.93
DAILY AVG.      0.01               0.12   -0.11     0.10
DAYS >= .01        4                8.4    -4.4        3
DAYS >= .10        2                5.1    -3.1        3
DAYS >= .50        0                2.5    -2.5        2
DAYS >= 1.00       0                1.0    -1.0        2
GREATEST
 24 HR. TOTAL   0.19   09/21 TO 09/22


DEGREE DAYS
HEATING TOTAL     19                 51     -32        9
 SINCE 7/1        19                 52     -33       MM
COOLING TOTAL    215                152      63      251
 SINCE 1/1      1693               1323     370       MM
................................................................

WIND (MPH)
AVERAGE WIND SPEED              6.9
HIGHEST WIND SPEED/DIRECTION    29/010    DATE  09/21
HIGHEST GUST SPEED/DIRECTION    37/020    DATE  09/21

SKY COVER
POSSIBLE SUNSHINE (PERCENT)   MM
AVERAGE SKY COVER           0.15
NUMBER OF DAYS FAIR           24
NUMBER OF DAYS PC              6
NUMBER OF DAYS CLOUDY          0

AVERAGE RH (PERCENT)     63

WEATHER CONDITIONS. NUMBER OF DAYS WITH
THUNDERSTORM              1     MIXED PRECIP               0
HEAVY RAIN                0     RAIN                       3
LIGHT RAIN                6     FREEZING RAIN              0
LT FREEZING RAIN          0     HAIL                       0
HEAVY SNOW                0     SNOW                       0
LIGHT SNOW                0     SLEET                      0
FOG                       7     FOG W/VIS <= 1/4 MILE      2
HAZE                      3

-  INDICATES NEGATIVE NUMBERS.
R  INDICATES RECORD WAS SET OR TIED.
MM INDICATES DATA IS MISSING.
T  INDICATES TRACE AMOUNT.

$$
