000
CXUS56 KSGX 010938
CLMOKB

CLIMATE REPORT
NATIONAL WEATHER SERVICE SAN DIEGO, CA
238 AM PDT THU SEP 01 2022

...................................

...THE OCEANSIDE AIRPORT CA CLIMATE SUMMARY FOR THE MONTH OF AUGUST 2022...

CLIMATE NORMAL PERIOD: 1991 TO 2020
CLIMATE RECORD PERIOD: 1999 TO 2022

WEATHER         OBSERVED          NORMAL  DEPART   LAST YEAR`S
                VALUE   DATE(S)   VALUE   FROM     VALUE DATE(S)
                                          NORMAL
................................................................
TEMPERATURE (F)
RECORD
 HIGH             93   08/30/2013
 LOW              50   08/26/2009
HIGHEST           87   08/10         MM      MM       87  08/11
                                                          08/13
LOWEST            59   08/07         MM      MM       55  08/03
                                                          08/24
AVG. MAXIMUM    80.9               78.3     2.6     79.8
AVG. MINIMUM    64.7               62.1     2.6     61.6
MEAN            72.8               70.2     2.6     70.7
DAYS MAX >= 90     0                0.4    -0.4        0
DAYS MAX <= 32     0                0.0     0.0        0
DAYS MAX >= 45    31                                  31
DAYS MIN <= 32     0                0.0     0.0        0

PRECIPITATION (INCHES)
RECORD
 MAXIMUM        0.44   2007
 MINIMUM          MM   MM
TOTALS          0.00               0.04   -0.04     0.04
DAILY AVG.      0.00               0.00   -0.00     0.00
DAYS >= .01        0                0.7    -0.7        2
DAYS >= .10        0                0.1    -0.1        0
DAYS >= .50        0                0.0     0.0        0
DAYS >= 1.00       0                0.0     0.0        0
DAYS >= %-5.2F     0                                   0
DAYS >= %-5.2F     0                                   0
GREATEST
 24 HR. TOTAL   0.00   07/31 TO 07/31               0.03  08/21 TO 08/21
 STORM TOTAL    0.00                                0.03
 (MM/DD(HH))            MM


DEGREE DAYS
HEATING TOTAL      0                  1      -1        0
 SINCE 7/1         0                  2      -2       MM
COOLING TOTAL    248                162      86      188
 SINCE 1/1       520                351     169       MM

FREEZE DATES
RECORD
 EARLIEST     MM
 LATEST       MM
EARLIEST                        12/26
LATEST                          01/23
................................................................

WIND (MPH)
AVERAGE WIND SPEED              5.1
RESULTANT WIND SPEED/DIRECTION   4/250
HIGHEST WIND SPEED/DIRECTION    20/270    DATE  08/06
HIGHEST GUST SPEED/DIRECTION    24/260    DATE  08/11
                                24/260          08/31

SKY COVER
POSSIBLE SUNSHINE (PERCENT)   MM
AVERAGE SKY COVER           0.27
NUMBER OF DAYS FAIR           19
NUMBER OF DAYS PC             11
NUMBER OF DAYS CLOUDY          1

AVERAGE RH (PERCENT)     75

WEATHER CONDITIONS. NUMBER OF DAYS WITH
THUNDERSTORM              0     MIXED PRECIP               0
HEAVY RAIN                0     RAIN                       0
LIGHT RAIN                0     FREEZING RAIN              0
LT FREEZING RAIN          0     HAIL                       0
HEAVY SNOW                0     SNOW                       0
LIGHT SNOW                0     SLEET                      0
FOG                      17     FOG W/VIS <= 1/4 MILE      0
HAZE                     15

-  INDICATES NEGATIVE NUMBERS.
R  INDICATES RECORD WAS SET OR TIED.
MM INDICATES DATA IS MISSING.
T  INDICATES TRACE AMOUNT.

$$
