000
CXUS54 KOUN 020359
CLMOKC

CLIMATE REPORT
NATIONAL WEATHER SERVICE NORMAN OK
1059 PM CDT SAT OCT 01 2022

...................................

...THE OKLAHOMA CITY CLIMATE SUMMARY FOR THE MONTH OF SEPTEMBER 2022...

CLIMATE NORMAL PERIOD 1991 TO 2020
CLIMATE RECORD PERIOD 1890 TO 2022

WEATHER         OBSERVED          NORMAL  DEPART   LAST YEAR`S
                VALUE   DATE(S)   VALUE   FROM     VALUE
                                          NORMAL
..............................................................
TEMPERATURE (F)
RECORD
 HIGH            108   09/03/2000
                       09/02/2000
 LOW              35   09/26/1912
HIGHEST           97                 97       0       98
LOWEST            51                 47       4       50
AVG. MAXIMUM    88.4               83.9     4.5     90.1
AVG. MINIMUM    62.5               61.5     1.0     62.6
MEAN            75.4               72.7     2.7     76.4
DAYS MAX >= 90    12                8.8     3.2       20
DAYS MAX <= 32     0                0.0     0.0        0
DAYS MIN <= 32     0                0.0     0.0        0
DAYS MIN <= 0      0                0.0     0.0        0

PRECIPITATION (INCHES)
RECORD
 MAXIMUM       11.85   1991
 MINIMUM        0.06   1939
TOTALS          1.80               3.72   -1.92     0.46
DAILY AVG.      0.06               0.12   -0.06     0.02
DAYS >= .01        4                7.1    -3.1        2
DAYS >= .10        4                5.1    -1.1        2
DAYS >= .50        1                2.3    -1.3        0
DAYS >= 1.00       1                1.3    -0.3        0
GREATEST
 24 HR. TOTAL   1.46   09/01 TO 09/01

DEGREE DAYS
HEATING TOTAL      0                 20     -20        0
 SINCE 7/1         0                 19     -19       MM
COOLING TOTAL    322                251      71      348
 SINCE 1/1      2286               1806     480       MM
..............................................................

WIND (MPH)
AVERAGE WIND SPEED              8.7
HIGHEST WIND SPEED/DIRECTION    31/350    DATE  09/10
HIGHEST GUST SPEED/DIRECTION    37/350    DATE  09/10


WEATHER CONDITIONS. NUMBER OF DAYS WITH
THUNDERSTORM              2     MIXED PRECIP               0
HEAVY RAIN                2     RAIN                       2
LIGHT RAIN                5     FREEZING RAIN              0
LT FREEZING RAIN          0     HAIL                       0
HEAVY SNOW                0     SNOW                       0
LIGHT SNOW                0     SLEET                      0
FOG                       6     FOG W/VIS <= 1/4 MILE      0
HAZE                      1

-  INDICATES NEGATIVE NUMBERS.
R  INDICATES RECORD WAS SET OR TIED.
MM INDICATES DATA IS MISSING.
T  INDICATES TRACE AMOUNT.

.............................................................
RECORDS/REMARKS

RECORD HIGH TEMPERATURE OF 97 TIED ON SEPTEMBER 21.
JANUARY - AUGUST 2022 PRECIPITATION TOTAL IS 20.30 INCHES.

$$
