000
CXUS56 KSEW 011034
CLMOLM

CLIMATE REPORT
NATIONAL WEATHER SERVICE SEATTLE
334 AM PDT THU SEP 01 2022

...................................

...THE OLYMPIA WA AIRPORT CLIMATE SUMMARY FOR THE MONTH OF AUGUST 2022...

CLIMATE NORMAL PERIOD 1991 TO 2020
CLIMATE RECORD PERIOD 1941 TO 2022

WEATHER         OBSERVED          NORMAL  DEPART   LAST YEAR`S
                VALUE   DATE(S)   VALUE   FROM     VALUE DATE(S)
                                          NORMAL
................................................................
TEMPERATURE (F)
RECORD
 HIGH            104   08/09/1981
 LOW              33   08/18/1973
HIGHEST           96   08/18         MM      MM       96  08/12
LOWEST            44   08/03         MM      MM       41  08/24
AVG. MAXIMUM    82.6               78.0     4.6     79.2
AVG. MINIMUM    52.4               50.5     1.9     52.0
MEAN            67.5               64.2     3.3     65.6
DAYS MAX >= 90     5                2.3     2.7        4
DAYS MAX <= 32     0                0.0     0.0        0
DAYS MIN <= 32     0                0.0     0.0        0
DAYS MIN <= 0      0                0.0     0.0        0

PRECIPITATION (INCHES)
RECORD
 MAXIMUM        5.45   1968
 MINIMUM           T   1998
TOTALS          0.05               0.96   -0.91     0.01
DAILY AVG.      0.00               0.03   -0.03     0.00
DAYS >= .01        2                4.8    -2.8        1
DAYS >= .10        0                2.3    -2.3        0
DAYS >= .50        0                0.6    -0.6        0
DAYS >= 1.00       0                0.1    -0.1        0
GREATEST
 24 HR. TOTAL   0.03   08/10 TO 08/10

DEGREE DAYS
HEATING TOTAL     25                 67     -42       54
 SINCE 7/1        74                142     -68       MM
COOLING TOTAL    108                 44      64       81
 SINCE 1/1       230                105     125       MM
................................................................

WIND (MPH)
AVERAGE WIND SPEED              5.1
HIGHEST WIND SPEED/DIRECTION    20/240    DATE  08/27
HIGHEST GUST SPEED/DIRECTION    30/240    DATE  08/27

SKY COVER
POSSIBLE SUNSHINE (PERCENT)   MM
AVERAGE SKY COVER           0.22
NUMBER OF DAYS FAIR           21
NUMBER OF DAYS PC             10
NUMBER OF DAYS CLOUDY          0

AVERAGE RH (PERCENT)     67

WEATHER CONDITIONS. NUMBER OF DAYS WITH
THUNDERSTORM              1     MIXED PRECIP               0
HEAVY RAIN                0     RAIN                       0
LIGHT RAIN                4     FREEZING RAIN              0
LT FREEZING RAIN          0     HAIL                       0
HEAVY SNOW                0     SNOW                       0
LIGHT SNOW                0     SLEET                      0
FOG                      12     FOG W/VIS <= 1/4 MILE      2
HAZE                      3

-  INDICATES NEGATIVE NUMBERS.
R  INDICATES RECORD WAS SET OR TIED.
MM INDICATES DATA IS MISSING.
T  INDICATES TRACE AMOUNT.

$$
