000
CXUS55 KTWC 041024
CLMOLS

CLIMATE REPORT
NATIONAL WEATHER SERVICE TUCSON AZ
324 AM MST SUN SEP 04 2022

...................................

...THE NOGALES AZ AIRPORT CLIMATE SUMMARY FOR THE MONTH OF AUGUST 2022...

CLIMATE NORMAL PERIOD 1991 TO 2020
CLIMATE RECORD PERIOD 1999 TO 2022

WEATHER         OBSERVED          NORMAL  DEPART   LAST YEAR`S
                VALUE   DATE(S)   VALUE   FROM     VALUE
                                          NORMAL
..............................................................
TEMPERATURE (F)
RECORD
 HIGH            105   08/06/2018
 LOW              52   08/21/2004
HIGHEST           96   08/06         99      -3
LOWEST            62   08/24         59       3
AVG. MAXIMUM    89.3               92.2    -2.9
AVG. MINIMUM    65.8               65.6     0.2
MEAN            77.5               78.9    -1.4
DAYS MAX >= 90    17               20.8    -3.8       18
DAYS MAX >= 100    0                                   0
DAYS MIN <= 32     0                0.0     0.0        0
DAYS MIN >= 80     0                                   0

PRECIPITATION (INCHES)
RECORD
 MAXIMUM        6.91   2014
 MINIMUM        1.45   2009
TOTALS          5.81               3.41    2.40     3.48
DAILY AVG.      0.19               0.11    0.08     0.11
DAYS >= .01       17               14.0     3.0       15
DAYS >= .10       10                7.7     2.3        9
DAYS >= .50        3                2.2     0.8        1
DAYS >= 1.00       2                0.8     1.2        1
GREATEST
 24 HR. TOTAL   1.56   08/13 TO 08/13               1.43


DEGREE DAYS
HEATING TOTAL      0                  0       0
 SINCE 7/1         0                  0       0
COOLING TOTAL    397                431     -34
 SINCE 1/1      1709               1560     149
..............................................................

WIND (MPH)
AVERAGE WIND SPEED              4.1
HIGHEST WIND SPEED/DIRECTION    32/020    DATE  08/06
HIGHEST GUST SPEED/DIRECTION    54/030    DATE  08/06

SKY COVER
POSSIBLE SUNSHINE (PERCENT)   MM
AVERAGE SKY COVER           0.22
NUMBER OF DAYS FAIR           17
NUMBER OF DAYS PC              3
NUMBER OF DAYS CLOUDY          0

AVERAGE RH (PERCENT)     69

WEATHER CONDITIONS. NUMBER OF DAYS WITH
THUNDERSTORM             23     MIXED PRECIP               0
HEAVY RAIN                8     RAIN                       8
LIGHT RAIN               20     FREEZING RAIN              0
LT FREEZING RAIN          0     HAIL                       0
HEAVY SNOW                0     SLEET                      0
FOG                       8     FOG W/VIS <= 1/4 MILE      3
HAZE                      1

-  INDICATES NEGATIVE NUMBERS.
R  INDICATES RECORD WAS SET OR TIED.
MM INDICATES DATA IS MISSING.
T  INDICATES TRACE AMOUNT.

$$
