000
CXUS53 KOAX 011634
CLMOMA

CLIMATE REPORT
NATIONAL WEATHER SERVICE OMAHA/VALLEY NE
1112 AM CDT THU SEP 01 2022

...................................

...THE OMAHA NE CLIMATE SUMMARY FOR THE MONTH OF AUGUST 2022...

CLIMATE NORMAL PERIOD 1991 TO 2020
CLIMATE RECORD PERIOD 1871 TO 2022

WEATHER         OBSERVED          NORMAL  DEPART
                VALUE   DATE(S)   VALUE   FROM
                                          NORMAL
................................................
TEMPERATURE (F)
HIGHEST          101   08/02
LOWEST            57   08/09
                       08/30
AVG. MAXIMUM    88.3               85.8     2.5
AVG. MINIMUM    65.1               65.6    -0.5
MEAN            76.7               75.7     1.0
DAYS MAX >= 90    13
DAYS MAX <= 32     0
DAYS MIN <= 32     0
DAYS MIN <= 0      0

PRECIPITATION (INCHES)
RECORD
 MAXIMUM       12.50   1903
 MINIMUM        0.18   1913
TOTALS          2.67               4.60   -1.93
DAYS >= .01       10
DAYS >= .10        6
DAYS >= .50        2
DAYS >= 1.00       0
GREATEST
 24 HR. TOTAL   0.88   08/07 TO 08/08

SNOWFALL (INCHES)
RECORDS
 TOTAL             T   2005
TOTALS           0.0                0.0     0.0
SINCE 7/1        0.0
DAYS >= 1.0        0
GREATEST
 SNOW DEPTH        0
 24 HR TOTAL       0

DEGREE DAYS
HEATING TOTAL      0                  3      -3
 SINCE 7/1         0                  0       0
COOLING TOTAL    371                335      36
 SINCE 1/1      1270               1124     146
................................................

WIND (MPH)
AVERAGE WIND SPEED              8.0
HIGHEST WIND SPEED/DIRECTION    25/310    DATE  08/19
HIGHEST GUST SPEED/DIRECTION    38/150    DATE  08/06

SKY COVER
AVERAGE SKY COVER           0.47


WEATHER CONDITIONS. NUMBER OF DAYS WITH
THUNDERSTORM              9     MIXED PRECIP               0
HEAVY RAIN                3     RAIN                       4
LIGHT RAIN               12     FREEZING RAIN              0
LT FREEZING RAIN          0     HAIL                       0
HEAVY SNOW                0     SNOW                       0
LIGHT SNOW                0     SLEET                      0
FOG                      12     FOG W/VIS <= 1/4 MILE      1
HAZE                      0

-  INDICATES NEGATIVE NUMBERS.
R  INDICATES RECORD WAS SET OR TIED.
MM INDICATES DATA IS MISSING.
T  INDICATES TRACE AMOUNT.

&&

AUGUST IN OMAHA WAS WARMER AND DRIER THAN NORMAL. THE MONTH ENDED UP
1.0 DEGREES ABOVE NORMAL FOR AVERAGE TEMPERATURE AND 1.93 INCHES
BELOW NORMAL FOR PRECIPITATION. NO NEW DAILY RECORDS WERE SET
DURING THE MONTH.

$$
