000
CXAK59 PAFG 020007
CLMOME

CLIMATE REPORT
NATIONAL WEATHER SERVICE FAIRBANKS AK
407 PM AKDT SAT OCT 01 2022

...................................

...THE NOME AK CLIMATE SUMMARY FOR THE MONTH OF SEPTEMBER 2022...

CLIMATE NORMAL PERIOD 1991 TO 2020
CLIMATE RECORD PERIOD 1906 TO 2022

WEATHER         OBSERVED          NORMAL  DEPART   LAST YEAR`S
                VALUE   DATE(S)   VALUE   FROM     VALUE DATE(S)
                                          NORMAL
................................................................
TEMPERATURE (F)
RECORD
 HIGH             71   09/11/1979
 LOW               9   09/28/1992
HIGHEST           59   09/02         MM      MM       65  09/02
                       09/08
LOWEST            30   09/30         MM      MM       21  09/23
AVG. MAXIMUM    50.9               49.0     1.9     47.6
AVG. MINIMUM    42.3               37.2     5.1     36.9
MEAN            46.6               43.1     3.5     42.3
DAYS MAX >= 90     0                0.0     0.0        0
DAYS MAX <= 32     0                0.2    -0.2        0
DAYS MIN <= 32     1                9.1    -8.1       11
DAYS MIN <= 0      0                0.0     0.0        0

PRECIPITATION (INCHES)
RECORD
 MAXIMUM        7.46   1986
 MINIMUM        0.07
TOTALS          5.57               2.20    3.37     1.84
DAILY AVG.      0.19               0.07    0.12     0.06
DAYS >= .01       21               13.6     7.4       13
DAYS >= .10       15                6.6     8.4        7
DAYS >= .50        2                0.8     1.2        0
DAYS >= 1.00       1                0.1     0.9        0
GREATEST
 24 HR. TOTAL   1.18   09/11 TO 09/12               0.56


DEGREE DAYS
HEATING TOTAL    544                657    -113      677
 SINCE 7/1      1393               1523    -130       MM
COOLING TOTAL      0                  0       0        0
 SINCE 1/1         0                  3      -3       MM
................................................................

WIND (MPH)
AVERAGE WIND SPEED              11.4
HIGHEST WIND SPEED/DIRECTION    45/140    DATE  09/16
                                45/210          09/17
HIGHEST GUST SPEED/DIRECTION    59/130    DATE  09/16
                                59/200          09/17

SKY COVER
AVERAGE SKY COVER           0.80
NUMBER OF DAYS FAIR            2


WEATHER CONDITIONS. NUMBER OF DAYS WITH
THUNDERSTORM              0     MIXED PRECIP               0
HEAVY RAIN                5     RAIN                      12
LIGHT RAIN               22     FREEZING RAIN              0
LT FREEZING RAIN          0     HAIL                       0
HEAVY SNOW                0     SNOW                       0
LIGHT SNOW                0     SLEET                      0
FOG                      19     FOG W/VIS <= 1/4 MILE      0
HAZE                      4

-  INDICATES NEGATIVE NUMBERS.
R  INDICATES RECORD WAS SET OR TIED.
MM INDICATES DATA IS MISSING.
T  INDICATES TRACE AMOUNT.

$$
