000
CXUS56 KOTX 010853
CLMOMK

CLIMATE REPORT
NATIONAL WEATHER SERVICE SPOKANE WA
153 AM PDT SAT OCT 01 2022

...................................

...THE OMAK WA AIRPORT CLIMATE SUMMARY FOR THE MONTH OF SEPTEMBER 2022...

CLIMATE NORMAL PERIOD 1991 TO 2020
CLIMATE RECORD PERIOD 9999 TO 9999

WEATHER         OBSERVED          NORMAL  DEPART   LAST YEAR`S
                VALUE   DATE(S)   VALUE   FROM     VALUE DATE(S)
                                          NORMAL
................................................................
TEMPERATURE (F)
RECORD
 HIGH            102   09/03/1988
                       09/04/1924
 LOW              20   09/27/1945
HIGHEST           99   09/01         MM      MM       91  09/08
LOWEST            45   09/11         MM      MM       37  09/29
                       09/19
                       09/30
AVG. MAXIMUM    82.3               78.2     4.1     77.1
AVG. MINIMUM    51.7               48.4     3.3     48.6
MEAN            67.0               63.3     3.7     62.8
DAYS MAX >= 90     4                3.3     0.7        2
DAYS MAX <= 32     0                0.0     0.0        0
DAYS MIN <= 32     0                0.7    -0.7        0
DAYS MIN <= 0      0                0.0     0.0        0

PRECIPITATION (INCHES)
RECORD
 MAXIMUM        2.90   2019
 MINIMUM        0.00   1990
TOTALS          0.26               0.40   -0.14     0.29
DAILY AVG.      0.01               0.01   -0.00     0.01
DAYS >= .01        3                3.8    -0.8        3
DAYS >= .10        1                1.3    -0.3        1
DAYS >= .50        0                0.1    -0.1        0
DAYS >= 1.00       0                0.0     0.0        0
GREATEST
 24 HR. TOTAL   0.23   09/13 TO 09/14               0.24


DEGREE DAYS
HEATING TOTAL     21                117     -96      105
 SINCE 7/1        25                137    -112       MM
COOLING TOTAL     88                 66      22       47
 SINCE 1/1       934                702     232       MM
................................................................

WIND (MPH)
AVERAGE WIND SPEED              7.6
HIGHEST WIND SPEED/DIRECTION    28/010    DATE  09/19
HIGHEST GUST SPEED/DIRECTION    35/010    DATE  09/19

SKY COVER
POSSIBLE SUNSHINE (PERCENT)   MM
AVERAGE SKY COVER           0.12
NUMBER OF DAYS FAIR           25
NUMBER OF DAYS PC              5
NUMBER OF DAYS CLOUDY          0

AVERAGE RH (PERCENT)     45

WEATHER CONDITIONS. NUMBER OF DAYS WITH
THUNDERSTORM              2     MIXED PRECIP               0
HEAVY RAIN                0     RAIN                       1
LIGHT RAIN                4     FREEZING RAIN              0
LT FREEZING RAIN          0     HAIL                       0
HEAVY SNOW                0     SNOW                       0
LIGHT SNOW                0     SLEET                      0
FOG                       2     FOG W/VIS <= 1/4 MILE      1
HAZE                      6

-  INDICATES NEGATIVE NUMBERS.
R  INDICATES RECORD WAS SET OR TIED.
MM INDICATES DATA IS MISSING.
T  INDICATES TRACE AMOUNT.

$$
