000
CXUS56 KSGX 010938
CLMONT

CLIMATE REPORT
NATIONAL WEATHER SERVICE SAN DIEGO, CA
238 AM PDT THU SEP 01 2022

...................................

...THE ONTARIO INTL AIRPORT CA CLIMATE SUMMARY FOR THE MONTH OF AUGUST 2022...

CLIMATE NORMAL PERIOD: 1991 TO 2020
CLIMATE RECORD PERIOD: 1998 TO 2022

WEATHER         OBSERVED          NORMAL  DEPART   LAST YEAR`S
                VALUE   DATE(S)   VALUE   FROM     VALUE DATE(S)
                                          NORMAL
................................................................
TEMPERATURE (F)
RECORD
 HIGH            112   08/31/2017
 LOW              54   08/11/2009
HIGHEST          108   08/31         95      13      104  08/02
                                                          08/27
LOWEST            65   08/22         63       2       63  08/23
                       08/21
                       08/29
AVG. MAXIMUM    96.4               94.9     1.5     95.2
AVG. MINIMUM    68.9               65.2     3.7     68.4
MEAN            82.7               80.1     2.6     81.8
DAYS MAX >= 90    29               23.8     5.2       24
DAYS MAX <= 32     0                0.0     0.0        0
DAYS MAX >= 45    31                                  31
DAYS MAX >= 120    0                                   0
DAYS MIN <= 32     0                0.0     0.0        0

PRECIPITATION (INCHES)
RECORD
 MAXIMUM        1.92   1977
 MINIMUM        0.00   2019
TOTALS             T               0.03   -0.03        T
DAILY AVG.         T               0.00   -0.00        T
DAYS >= .01        0                0.3    -0.3        0
DAYS >= .10        0                0.1    -0.1        0
DAYS >= .50        0                0.0     0.0        0
DAYS >= 1.00       0                0.0     0.0        0
DAYS >= %-5.2F     0                                   0
DAYS >= %-5.2F     0                                   0
GREATEST
 24 HR. TOTAL      T   07/31 TO 07/31                  T  08/31 TO 08/31
                                                          08/19 TO 08/19
                                                          08/31 TO 08/31
 STORM TOTAL    0.00                                0.00
 (MM/DD(HH))            MM


DEGREE DAYS
HEATING TOTAL      0                  0       0        0
 SINCE 7/1         0                  0       0       MM
COOLING TOTAL    554                467      87      527
 SINCE 1/1      1622               1373     249       MM

FREEZE DATES
RECORD
 EARLIEST     11/30/2004
 LATEST       02/14/2006
EARLIEST                        02/24
LATEST                          02/20
................................................................

WIND (MPH)
AVERAGE WIND SPEED              6.9
RESULTANT WIND SPEED/DIRECTION   6/250
HIGHEST WIND SPEED/DIRECTION    21/260    DATE  08/31
                                21/280          08/24
HIGHEST GUST SPEED/DIRECTION    30/260    DATE  08/13

SKY COVER
POSSIBLE SUNSHINE (PERCENT)   MM
AVERAGE SKY COVER           0.28
NUMBER OF DAYS FAIR           24
NUMBER OF DAYS PC              6
NUMBER OF DAYS CLOUDY          1

AVERAGE RH (PERCENT)     50

WEATHER CONDITIONS. NUMBER OF DAYS WITH
THUNDERSTORM              0     MIXED PRECIP               0
HEAVY RAIN                0     RAIN                       0
LIGHT RAIN                0     FREEZING RAIN              0
LT FREEZING RAIN          0     HAIL                       0
HEAVY SNOW                0     SNOW                       0
LIGHT SNOW                0     SLEET                      0
FOG                       3     FOG W/VIS <= 1/4 MILE      0
HAZE                      7

-  INDICATES NEGATIVE NUMBERS.
R  INDICATES RECORD WAS SET OR TIED.
MM INDICATES DATA IS MISSING.
T  INDICATES TRACE AMOUNT.

$$
