000
CXUS51 KAKQ 011008
CLMORF

CLIMATE REPORT
NATIONAL WEATHER SERVICE WAKEFIELD VA
608 AM EDT THU SEP 01 2022

...................................

...THE NORFOLK VA CLIMATE SUMMARY FOR THE MONTH OF AUGUST 2022...

CLIMATE NORMAL PERIOD: 1991 TO 2020
CLIMATE RECORD PERIOD: 1871 TO 2022

WEATHER         OBSERVED          NORMAL  DEPART   LAST YEAR`S
                VALUE   DATE(S)   VALUE   FROM     VALUE DATE(S)
                                          NORMAL
................................................................
TEMPERATURE (F)
RECORD
 HIGH            105   08/07/1918
 LOW              49   08/30/1982
HIGHEST           95   08/09         96      -1       95  08/13
                       08/10
LOWEST            64   08/18         62       2       64  08/06
AVG. MAXIMUM    87.3               86.9     0.4     86.4
AVG. MINIMUM    72.0               71.6     0.4     72.1
MEAN            79.6               79.2     0.4     79.2
DAYS MAX >= 90    11                9.0     2.0       12
DAYS MAX <= 32     0                0.0     0.0        0
DAYS MIN <= 32     0                0.0     0.0        0
DAYS MIN <= 0      0                0.0     0.0        0

PRECIPITATION (INCHES)
RECORD
 MAXIMUM       15.61   1942
 MINIMUM        0.64   1930
TOTALS          1.21               5.88   -4.67     6.23
DAILY AVG.      0.04               0.19   -0.15     0.20
DAYS >= .01        7               10.2    -3.2       11
DAYS >= .10        4                6.8    -2.8        7
DAYS >= .50        0                3.7    -3.7        5
DAYS >= 1.00       0                1.7    -1.7        2
GREATEST
 24 HR. TOTAL   0.48   08/01 TO 08/01

SNOWFALL (INCHES)
RECORDS
 TOTAL           0.0   5
TOTALS           0.0
SINCE 7/1        0.0                0.0     0.0       MM
SNOWDEPTH AVG.     0                                   0
DAYS >= 1.0        0                0.0     0.0        0
GREATEST
 SNOW DEPTH        0                                   0  MM
 24 HR TOTAL      MM    MM                           0.0

DEGREE DAYS
HEATING TOTAL      0
 SINCE 7/1         0                  0       0       MM
COOLING TOTAL    462                442      20      449
 SINCE 1/1      1531               1510      21       MM
................................................................

WIND (MPH)
AVERAGE WIND SPEED              7.1
HIGHEST WIND SPEED/DIRECTION    25/350    DATE  08/10
HIGHEST GUST SPEED/DIRECTION    38/360    DATE  08/10

SKY COVER
POSSIBLE SUNSHINE (PERCENT)   MM
AVERAGE SKY COVER           0.19

AVERAGE RH (PERCENT)     74

WEATHER CONDITIONS. NUMBER OF DAYS WITH
THUNDERSTORM              4     MIXED PRECIP               0
HEAVY RAIN                3     RAIN                       5
LIGHT RAIN                9     FREEZING RAIN              0
LT FREEZING RAIN          0     HAIL                       0
HEAVY SNOW                0     SNOW                       0
LIGHT SNOW                0     SLEET                      0
FOG                       8     FOG W/VIS <= 1/4 MILE      0
HAZE                      3

-  INDICATES NEGATIVE NUMBERS.
R  INDICATES RECORD WAS SET OR TIED.
MM INDICATES DATA IS MISSING.
T  INDICATES TRACE AMOUNT.

$$
