000
CXUS51 KBOX 011611
CLMORH

CLIMATE REPORT
NATIONAL WEATHER SERVICE BOSTON/NORTON MA
1211 PM EDT THU SEP 01 2022

...................................

...THE WORCESTER MA CLIMATE SUMMARY FOR THE MONTH OF AUGUST 2022...

CLIMATE NORMAL PERIOD 1991 TO 2020
CLIMATE RECORD PERIOD 1892 TO 2022

WEATHER         OBSERVED          NORMAL  DEPART   LAST YEAR`S
                VALUE   DATE(S)   VALUE   FROM     VALUE
                                          NORMAL
..............................................................
TEMPERATURE (F)
RECORD
 HIGH             99   08/12/1944
 LOW              38   08/30/1965
                       08/29/1941
HIGHEST           93   08/06                          90
                       08/07
LOWEST            58   08/13                          55
                       08/14
AVG. MAXIMUM    83.0               78.1     4.9
AVG. MINIMUM    64.7               60.5     4.2
MEAN            73.8               69.3     4.5
DAYS MAX >= 90     7                0.7     6.3
DAYS MAX <= 32     0                0.0     0.0
DAYS MIN <= 32     0                0.0     0.0
DAYS MIN <= 0      0                0.0     0.0

PRECIPITATION (INCHES)
RECORD
 MAXIMUM       18.68   1955
 MINIMUM        0.90   1944
TOTALS          2.56               4.14   -1.58
DAILY AVG.      0.08               0.13   -0.05
DAYS >= .01       10               10.3    -0.3
DAYS >= .10        5                6.2    -1.2
DAYS >= .50        3                2.7     0.3
DAYS >= 1.00       0                1.2    -1.2
GREATEST
 24 HR. TOTAL   0.92   08/23 TO 08/23

SNOWFALL (INCHES)
RECORDS
 TOTAL           0.0   MM
TOTALS           0.0                0.0     0.0
 LIQUID EQUIV   0.00
SINCE 7/1        0.0                0.0     0.0
DAYS >= TRACE      0                0.0     0.0
DAYS >= 1.0        0                0.0     0.0
GREATEST
 24 HR TOTAL      MM

DEGREE DAYS
HEATING TOTAL      0                 20     -20
 SINCE 7/1         0                 28     -28
COOLING TOTAL    283                153     130
 SINCE 1/1       677                451     226
..............................................................

WIND (MPH)
AVERAGE WIND SPEED              8.4
RESULTANT WIND SPEED/DIRECTION   5/260
HIGHEST WIND SPEED/DIRECTION    38/260    DATE  08/26
HIGHEST GUST SPEED/DIRECTION    57/250    DATE  08/26

SKY COVER
POSSIBLE SUNSHINE (PERCENT)   MM
AVERAGE SKY COVER           0.36
NUMBER OF DAYS FAIR           17
NUMBER OF DAYS PC             10
NUMBER OF DAYS CLOUDY          4

AVERAGE RH (PERCENT)     69

WEATHER CONDITIONS. NUMBER OF DAYS WITH
THUNDERSTORM              7     MIXED PRECIP               0
HEAVY RAIN                6     RAIN                       4
LIGHT RAIN               14     FREEZING RAIN              0
LT FREEZING RAIN          0     HAIL                       0
HEAVY SNOW                0     SNOW                       0
LIGHT SNOW                0     SLEET                      0
FOG                      15     FOG W/VIS <= 1/4 MILE      4
HAZE                      0

-  INDICATES NEGATIVE NUMBERS.
R  INDICATES RECORD WAS SET OR TIED.
MM INDICATES DATA IS MISSING.
T  INDICATES TRACE AMOUNT.

$$
