000
CXUS53 KDDC 011536
CLMP28

CLIMATE REPORT
NATIONAL WEATHER SERVICE DODGE CITY, KANSAS
1036 AM CDT THU SEP 01 2022

...................................

...THE MEDICINE LODGE KS CLIMATE SUMMARY FOR THE MONTH OF AUGUST 2022...

CLIMATE NORMAL PERIOD 1991 TO 2020
CLIMATE RECORD PERIOD 1893 TO 2022

WEATHER         OBSERVED          NORMAL  DEPART   LAST YEAR`S
                VALUE   DATE(S)   VALUE   FROM     VALUE DATE(S)
                                          NORMAL
................................................................
TEMPERATURE (F)
RECORD
 HIGH            118   08/12/1936
 LOW              40   08/27/1906
HIGHEST          106   08/03         MM      MM      105  08/25
LOWEST            57   08/24         MM      MM       55  08/02
AVG. MAXIMUM    96.8               92.4     4.4     95.4
AVG. MINIMUM    66.7               67.6    -0.9     68.8
MEAN            81.8               80.0     1.8     82.1
DAYS MAX >= 90    28               20.2     7.8       22
DAYS MAX <= 32     0                0.0     0.0        0
DAYS MIN <= 32     0                0.0     0.0        0
DAYS MIN <= 0      0                0.0     0.0        0

PRECIPITATION (INCHES)
RECORD
 MAXIMUM        8.77   1927
 MINIMUM        0.01   2000
TOTALS          0.05               3.51   -3.46     1.28
DAYS >= .01        1                8.6    -7.6        5
DAYS >= .10        0                5.2    -5.2        4
DAYS >= .50        0                1.9    -1.9        1
DAYS >= 1.00       0                0.9    -0.9        0
GREATEST
 24 HR. TOTAL   0.05   08/27 TO 08/27               0.87  08/20 TO 08/21


DEGREE DAYS
HEATING TOTAL      0                  0       0        0
 SINCE 7/1         0                  0       0        0
COOLING TOTAL    524                465      59      542
 SINCE 1/1      1846               1544     302     1535
................................................................

WIND (MPH)
AVERAGE WIND SPEED              7.2
RESULTANT WIND SPEED/DIRECTION   4/140
HIGHEST WIND SPEED/DIRECTION    26/190    DATE  08/02
HIGHEST GUST SPEED/DIRECTION    38/190    DATE  08/02
                                38/170          08/06

AVERAGE RH (PERCENT)     56


-  INDICATES NEGATIVE NUMBERS.
R  INDICATES RECORD WAS SET OR TIED.
MM INDICATES DATA IS MISSING.
T  INDICATES TRACE AMOUNT.

$$
