000
CXUS53 KPAH 021446
CLMPAH

CLIMATE REPORT
NATIONAL WEATHER SERVICE PADUCAH KY
946 AM CDT FRI SEP 02 2022

...................................

...THE PADUCAH KY CLIMATE SUMMARY FOR THE MONTH OF AUGUST 2022...

CLIMATE NORMAL PERIOD 1991 TO 2020
CLIMATE RECORD PERIOD 1937 TO 2022

WEATHER         OBSERVED          NORMAL  DEPART   LAST YEAR`S
                VALUE   DATE(S)   VALUE   FROM     VALUE DATE(S)
                                          NORMAL
................................................................
TEMPERATURE (F)
RECORD
 HIGH            106   08/04/1947
 LOW              44   08/29/1986
HIGHEST           95   08/08                          96  08/26
                       08/27
                       08/29
LOWEST            59   08/13                          58  08/05
                       08/31
AVG. MAXIMUM    89.5               89.5    -0.0     88.6
AVG. MINIMUM    67.1               66.8     0.3     68.9
MEAN            78.3               78.2     0.1     78.8
DAYS MAX >= 90    16               14.2     1.8       14
DAYS MAX <= 32     0                0.0     0.0        0
DAYS MIN <= 32     0                0.0     0.0        0
DAYS MIN <= 0      0                0.0     0.0        0

PRECIPITATION (INCHES)
RECORD
 MAXIMUM        9.60   2016
 MINIMUM        0.11   1996
TOTALS          1.46               3.11   -1.65     2.25
DAILY AVG.      0.05               0.10   -0.05     0.07
DAYS >= .01        6                7.6    -1.6        6
DAYS >= .10        5                4.9     0.1        4
DAYS >= .50        0                2.0    -2.0        2
DAYS >= 1.00       0                0.9    -0.9        1
GREATEST
 24 HR. TOTAL   0.47   08/16 TO 08/16

DEGREE DAYS
COOLING TOTAL    416                408       8      435
 SINCE 1/1      1566               1420     146       MM

FREEZE DATES
EARLIEST                        MM
LATEST                          03/20
................................................................

WIND (MPH)
AVERAGE WIND SPEED              3.0
HIGHEST WIND SPEED/DIRECTION    29/100    DATE  08/02
HIGHEST GUST SPEED/DIRECTION    37/110    DATE  08/02

SKY COVER
POSSIBLE SUNSHINE (PERCENT)   MM
AVERAGE SKY COVER           0.23
NUMBER OF DAYS FAIR           24
NUMBER OF DAYS PC              5
NUMBER OF DAYS CLOUDY          2

AVERAGE RH (PERCENT)     73

WEATHER CONDITIONS. NUMBER OF DAYS WITH
THUNDERSTORM              5     MIXED PRECIP               0
HEAVY RAIN                3     RAIN                       4
LIGHT RAIN                7     FREEZING RAIN              0
LT FREEZING RAIN          0     HAIL                       0
HEAVY SNOW                0     SNOW                       0
LIGHT SNOW                0     SLEET                      0
FOG                      20     FOG W/VIS <= 1/4 MILE      3
HAZE                      4

-  INDICATES NEGATIVE NUMBERS.
R  INDICATES RECORD WAS SET OR TIED.
MM INDICATES DATA IS MISSING.
T  INDICATES TRACE AMOUNT.

$$
