000
CXUS54 KLZK 020310
CLMPBF

CLIMATE REPORT
NATIONAL WEATHER SERVICE LITTLE ROCK AR
1010 PM CDT SAT OCT 01 2022

...................................

...THE PINE BLUFF CLIMATE SUMMARY FOR THE MONTH OF SEPTEMBER 2022...

CLIMATE NORMAL PERIOD 1991 TO 2020
CLIMATE RECORD PERIOD 1883 TO 2022

WEATHER         OBSERVED          NORMAL  DEPART   LAST YEAR`S
                VALUE   DATE(S)   VALUE   FROM     VALUE DATE(S)
                                          NORMAL
................................................................
TEMPERATURE (F)
RECORD
 HIGH            110   09/06/1925
                       09/05/1925
 LOW              38   09/29/1967
HIGHEST          100   09/21         85      15      101  09/01
LOWEST            48   09/30         64     -16       52  09/23
                                                          09/24
AVG. MAXIMUM    89.9               85.9     4.0     88.7
AVG. MINIMUM    63.5               63.5     0.0     64.7
MEAN            76.7               74.7     2.0     76.7
DAYS MAX >= 90    18               10.7     7.3       13
DAYS MAX <= 32     0                0.0     0.0        0
DAYS MIN <= 32     0                0.0     0.0        0
DAYS MIN <= 0      0                0.0     0.0        0

PRECIPITATION (INCHES)
RECORD
 MAXIMUM       15.44   1913
 MINIMUM        0.03   2015
TOTALS          1.40               3.09   -1.69     2.28
DAILY AVG.      0.05               0.10   -0.05     0.08
DAYS >= .01        5                7.0    -2.0        6
DAYS >= .10        2                                   4
DAYS >= .50        1                                   2
DAYS >= 1.00       1                1.0     0.0        1
GREATEST
 24 HR. TOTAL   1.25   09/09 TO 09/10
 STORM TOTAL    1.23
 (MM/DD(HH))

SNOWFALL (INCHES)
RECORDS
 TOTAL            MM   MM
 24 HR TOTAL      MM
 SNOW DEPTH       MM   MM
TOTALS           0.0                0.0     0.0      0.0
 LIQUID EQUIV   0.00               0.00    0.00     0.00
SINCE 7/1        0.0                0.0     0.0       MM
 LIQUID 7/1     0.00               0.00    0.00       MM
SNOWDEPTH AVG.     0
DAYS >= TRACE      0                 MM      MM        0
DAYS >= 1.0        0                                   0
GREATEST
 SNOW DEPTH        0
 24 HR TOTAL     0.0    MM                           0.0

DEGREE DAYS
HEATING TOTAL      2                  8      -6        0
 SINCE 7/1         2                  5      -3       MM
COOLING TOTAL    364                299      65      357
 SINCE 1/1      2460               2056     404       MM

FREEZE DATES
RECORD
 EARLIEST     10/10/2000
 LATEST       04/25/1910
EARLIEST                        MM
LATEST                          03/13
................................................................

WIND (MPH)
AVERAGE WIND SPEED              4.6
HIGHEST WIND SPEED/DIRECTION    30/330    DATE  09/06
HIGHEST GUST SPEED/DIRECTION    40/330    DATE  09/06

SKY COVER
POSSIBLE SUNSHINE (PERCENT)   MM
AVERAGE SKY COVER           0.14
NUMBER OF DAYS FAIR           25
NUMBER OF DAYS PC              3
NUMBER OF DAYS CLOUDY          0


WEATHER CONDITIONS. NUMBER OF DAYS WITH
THUNDERSTORM              6     MIXED PRECIP               0
HEAVY RAIN                1     RAIN                       1
LIGHT RAIN                7     FREEZING RAIN              0
LT FREEZING RAIN          0     HAIL                       0
HEAVY SNOW                0     SLEET                      0
FOG                      11     FOG W/VIS <= 1/4 MILE      1
HAZE                      8

-  INDICATES NEGATIVE NUMBERS.
R  INDICATES RECORD WAS SET OR TIED.
MM INDICATES DATA IS MISSING.
T  INDICATES TRACE AMOUNT.

$$
