000
CXUS51 KBTV 011223
CLMPBG

CLIMATE REPORT
NATIONAL WEATHER SERVICE BURLINGTON VT
823 AM EDT THU SEP 01 2022

...................................

...THE PLATTSBURGH NY CLIMATE SUMMARY FOR THE MONTH OF AUGUST 2022...

CLIMATE NORMAL PERIOD: 1991 TO 2020
CLIMATE RECORD PERIOD: 1945 TO 2022

WEATHER         OBSERVED          NORMAL  DEPART   LAST YEAR`S
                VALUE   DATE(S)   VALUE   FROM     VALUE DATE(S)
                                          NORMAL
................................................................
TEMPERATURE (F)
RECORD
 HIGH            101
 LOW              43
HIGHEST           95   08/07         MM      MM       93  08/26
LOWEST            47   08/14         MM      MM       47  08/16
AVG. MAXIMUM    80.1               78.9     1.2     81.5
AVG. MINIMUM    58.4               56.5     1.9     61.3
MEAN            69.2               67.7     1.5     71.4
DAYS MAX >= 90     2                1.0     1.0        1
DAYS MAX <= 32     0                0.0     0.0        0
DAYS MIN <= 32     0                0.0     0.0        0
DAYS MIN <= 0      0                0.0     0.0        0

PRECIPITATION (INCHES)
RECORD
 MAXIMUM        7.11   1965
 MINIMUM        0.53   1957
TOTALS          2.57               3.58   -1.01     2.60
DAILY AVG.      0.08               0.12   -0.04     0.08
DAYS >= .01       13               13.2    -0.2       13
DAYS >= .10        7                6.1     0.9        9
DAYS >= .50        1                1.5    -0.5        1
DAYS >= 1.00       1                0.7     0.3        0
GREATEST
 24 HR. TOTAL   1.18   08/30 TO 08/31               0.64  08/01 TO 08/02
 STORM TOTAL    1.14                                0.54
 (MM/DD(HH))            MM


DEGREE DAYS
HEATING TOTAL      8                 29     -21       13
 SINCE 7/1        17                 39     -22       MM
COOLING TOTAL    147                113      34      220
 SINCE 1/1       402                357      45       MM
................................................................

WIND (MPH)
AVERAGE WIND SPEED              4.6
HIGHEST WIND SPEED/DIRECTION    23/150    DATE  08/21
                                23/140          08/29
HIGHEST GUST SPEED/DIRECTION    29/140    DATE  08/29

SKY COVER
POSSIBLE SUNSHINE (PERCENT)   MM
AVERAGE SKY COVER           0.39
NUMBER OF DAYS FAIR           16
NUMBER OF DAYS PC             11
NUMBER OF DAYS CLOUDY          4

AVERAGE RH (PERCENT)     74

WEATHER CONDITIONS. NUMBER OF DAYS WITH
THUNDERSTORM              5     MIXED PRECIP               0
HEAVY RAIN                2     RAIN                       6
LIGHT RAIN               14     FREEZING RAIN              0
LT FREEZING RAIN          0     HAIL                       0
HEAVY SNOW                0     SNOW                       0
LIGHT SNOW                0     SLEET                      0
FOG                      15     FOG W/VIS <= 1/4 MILE      0
HAZE                      0

-  INDICATES NEGATIVE NUMBERS.
R  INDICATES RECORD WAS SET OR TIED.
MM INDICATES DATA IS MISSING.
T  INDICATES TRACE AMOUNT.

$$
