000
CXUS52 KMFL 011317
CLMPBI

CLIMATE REPORT
NATIONAL WEATHER SERVICE MIAMI, FL
917 AM EDT SAT OCT 01 2022

...................................

...THE WEST PALM BEACH CLIMATE SUMMARY FOR THE MONTH OF SEPTEMBER 2022...

CLIMATE NORMAL PERIOD: 1991 TO 2020
CLIMATE RECORD PERIOD: 1888 TO 2022

WEATHER         OBSERVED          NORMAL  DEPART   LAST YEAR`S
                VALUE   DATE(S)   VALUE   FROM     VALUE
                                          NORMAL
..............................................................
TEMPERATURE (F)
RECORD
 HIGH             97   09/12/1911
 LOW              61   09/22/1897
HIGHEST           94   09/07                          94
                       09/23
LOWEST            66   09/30                          70
AVG. MAXIMUM    90.0               88.0     2.0     89.8
AVG. MINIMUM    75.3               75.8    -0.5     75.0
MEAN            82.6               81.9     0.7     82.4
DAYS MAX >= 90    19                                  18
DAYS MAX <= 32     0                                   0
DAYS MIN <= 32     0                                   0
DAYS MIN <= 0      0                                   0

PRECIPITATION (INCHES)
RECORD
 MAXIMUM       29.40   2004
 MINIMUM        1.39   2019
TOTALS         11.86               7.96    3.90     6.64
DAILY AVG.      0.40               0.27    0.13     0.22
DAYS >= .01       15                                  18
DAYS >= .10       13                                  13
DAYS >= .50        6                                   5
DAYS >= 1.00       4                                   2
GREATEST
 24 HR. TOTAL   3.90   09/17 TO 09/18               1.61


DEGREE DAYS
HEATING TOTAL      0                  0       0        0
 SINCE 7/1         0                  0       0       MM
COOLING TOTAL    537                507      30      530
 SINCE 1/1      3865               3318     547       MM
..............................................................

WIND (MPH)
AVERAGE WIND SPEED              7.2
HIGHEST WIND SPEED/DIRECTION    38/130    DATE  09/28
HIGHEST GUST SPEED/DIRECTION    49/190    DATE  09/29

SKY COVER
POSSIBLE SUNSHINE (PERCENT)   MM
AVERAGE SKY COVER           0.58
NUMBER OF DAYS FAIR            2
NUMBER OF DAYS PC             21
NUMBER OF DAYS CLOUDY          7

AVERAGE RH (PERCENT)     77

WEATHER CONDITIONS. NUMBER OF DAYS WITH
THUNDERSTORM             19     MIXED PRECIP               0
HEAVY RAIN                8     RAIN                       7
LIGHT RAIN               18     FREEZING RAIN              0
LT FREEZING RAIN          0     HAIL                       0
HEAVY SNOW                0     SNOW                       0
LIGHT SNOW                0     SLEET                      0
FOG                      11     FOG W/VIS <= 1/4 MILE      1
HAZE                      2

-  INDICATES NEGATIVE NUMBERS.
R  INDICATES RECORD WAS SET OR TIED.
MM INDICATES DATA IS MISSING.
T  INDICATES TRACE AMOUNT.

$$
