000
CXUS56 KPDT 012158
CLMPDT

CLIMATE REPORT
NATIONAL WEATHER SERVICE PENDLETON, OR
258 PM PDT THU SEP 01 2022

...................................

...THE PENDLETON OR CLIMATE SUMMARY FOR THE MONTH OF AUGUST 2022...

CLIMATE NORMAL PERIOD 1991 TO 2020
CLIMATE RECORD PERIOD 1890 TO 2022

WEATHER         OBSERVED          NORMAL  DEPART   LAST YEAR`S
                VALUE   DATE(S)   VALUE   FROM     VALUE DATE(S)
                                          NORMAL
................................................................
TEMPERATURE (F)
RECORD
 HIGH            119   08/10/1898
 LOW              30   08/31/1907
HIGHEST          106   08/08                         105  08/03
LOWEST            48   08/28                          42  08/24
AVG. MAXIMUM    95.1               87.6     7.5     87.5
AVG. MINIMUM    61.4               56.0     5.4     58.7
MEAN            78.2               71.8     6.4     73.1
DAYS MAX >= 90    26               13.4    12.6       13
DAYS MAX <= 32     0                0.0     0.0        0
DAYS MIN <= 32     0                0.0     0.0        0
DAYS MIN <= 0      0                0.0     0.0        0

PRECIPITATION (INCHES)
RECORD
 MAXIMUM        2.58   1977
 MINIMUM        0.00   1969
TOTALS          0.04               0.31   -0.27     0.01
DAILY AVG.      0.00               0.01   -0.01     0.00
DAYS >= .01        1                2.2    -1.2        1
DAYS >= .10        0                0.8    -0.8        0
DAYS >= .50        0                0.1    -0.1        0
DAYS >= 1.00       0                0.0     0.0        0
GREATEST
 24 HR. TOTAL   0.04   08/09 TO 08/09               0.01  08/01 TO 08/01

SNOWFALL (INCHES)
RECORDS
 TOTAL           0.0   2013
 24 HR TOTAL     0.0
TOTALS           0.0                0.0     0.0
SINCE 7/1        0.0                0.0     0.0        0
DAYS >= TRACE      0                0.0     0.0        0
DAYS >= 1.0        0                0.0     0.0        0
GREATEST
 24 HR TOTAL     0.0

DEGREE DAYS
HEATING TOTAL      0                 12     -12       12
 SINCE 7/1         0                 17     -17       MM
COOLING TOTAL    419                223     196      270
 SINCE 1/1       884                572     312       MM
................................................................

WIND (MPH)
AVERAGE WIND SPEED              8.5
RESULTANT WIND SPEED/DIRECTION   2/260
HIGHEST WIND SPEED/DIRECTION    36/270    DATE  08/27
HIGHEST GUST SPEED/DIRECTION    45/270    DATE  08/27

AVERAGE RH (PERCENT)     37

WEATHER CONDITIONS. NUMBER OF DAYS WITH
THUNDERSTORM              3     MIXED PRECIP               0
HEAVY RAIN                0     RAIN                       1
LIGHT RAIN                3     FREEZING RAIN              0
LT FREEZING RAIN          0     HAIL                       0
HEAVY SNOW                0     SNOW                       0
LIGHT SNOW                0     SLEET                      0
FOG                       0     FOG W/VIS <= 1/4 MILE      0
HAZE                      1

-  INDICATES NEGATIVE NUMBERS.
R  INDICATES RECORD WAS SET OR TIED.
MM INDICATES DATA IS MISSING.
T  INDICATES TRACE AMOUNT.

$$
