000
CXUS56 KPQR 011538
CLMPDX

CLIMATE REPORT
NATIONAL WEATHER SERVICE PORTLAND OREGON
838 AM PDT THU SEP 01 2022

...................................

...THE PORTLAND OR CLIMATE SUMMARY FOR THE MONTH OF AUGUST 2022...

CLIMATE NORMAL PERIOD 1991 TO 2020
CLIMATE RECORD PERIOD 1940 TO 2022

WEATHER         OBSERVED          NORMAL  DEPART   LAST YEAR`S
                VALUE   DATE(S)   VALUE   FROM     VALUE DATE(S)
                                          NORMAL
................................................................
TEMPERATURE (F)
HIGHEST          100                                 103  08/12
LOWEST            56                                  48  08/23
AVG. MAXIMUM    87.3               82.3     5.0     84.0
AVG. MINIMUM    62.8               58.9     3.9     61.0
MEAN            75.1               70.6     4.5     72.5
DAYS MAX >= 90    11                5.3     5.7        9
DAYS MAX <= 32     0                0.0     0.0        0
DAYS MIN <= 32     0                0.0     0.0        0
DAYS MIN <= 0      0                0.0     0.0        0

PRECIPITATION (INCHES)
RECORD
 MAXIMUM        4.53   1968
 MINIMUM           T   2012
TOTALS             TR              0.54   -0.54     0.05
DAYS >= .01        0                3.6    -3.6        2
DAYS >= .10        0                1.6    -1.6        0
DAYS >= .50        0                0.2    -0.2        0
DAYS >= 1.00       0                0.0     0.0        0
GREATEST
 24 HR. TOTAL      T   08/09 TO 08/09
                       08/18 TO 08/18
                       08/20 TO 08/20

SNOWFALL (INCHES)
TOTALS           0.0
SINCE 7/1        0.0

DEGREE DAYS
HEATING TOTAL      0                  7      -7        9
 SINCE 7/1         0                 12     -12       MM
COOLING TOTAL    321                181     140      249
 SINCE 1/1       675                431     244       MM
................................................................

WIND (MPH)
AVERAGE WIND SPEED              5.6
RESULTANT WIND SPEED/DIRECTION   4/310
HIGHEST WIND SPEED/DIRECTION    20/320    DATE  08/03
HIGHEST GUST SPEED/DIRECTION    27/320    DATE  08/03

SKY COVER
POSSIBLE SUNSHINE (PERCENT)   MM
AVERAGE SKY COVER           0.32
NUMBER OF DAYS FAIR           20
NUMBER OF DAYS PC             10
NUMBER OF DAYS CLOUDY          1

AVERAGE RH (PERCENT)     57

WEATHER CONDITIONS. NUMBER OF DAYS WITH
THUNDERSTORM              0     MIXED PRECIP               0
HEAVY RAIN                0     RAIN                       0
LIGHT RAIN                4     FREEZING RAIN              0
LT FREEZING RAIN          0     HAIL                       0
HEAVY SNOW                0     SNOW                       0
LIGHT SNOW                0     SLEET                      0
FOG                       1     FOG W/VIS <= 1/4 MILE      0
HAZE                      0

-  INDICATES NEGATIVE NUMBERS.
R  INDICATES RECORD WAS SET OR TIED.
MM INDICATES DATA IS MISSING.
T  INDICATES TRACE AMOUNT.

$$
