000
CXUS51 KPBZ 011318
CLMPHD

CLIMATE REPORT
NATIONAL WEATHER SERVICE PITTSBURGH PA
918 AM EDT SAT OCT 01 2022

...................................

...THE NEW PHILADELPHIA OH CLIMATE SUMMARY FOR THE MONTH OF SEPTEMBER 2022...

CLIMATE NORMAL PERIOD 1991 TO 2020
CLIMATE RECORD PERIOD 1948 TO 2022

WEATHER         OBSERVED          NORMAL  DEPART   LAST YEAR`S
                VALUE   DATE(S)   VALUE   FROM     VALUE DATE(S)
                                          NORMAL
................................................................
TEMPERATURE (F)
RECORD
 HIGH             96   09/01/1993
 LOW              30   09/23/1995
                       09/24/1974
HIGHEST           87   09/21         88      -1       88  09/18
LOWEST            37   09/30         37       0       44  09/26
                                                          09/30
AVG. MAXIMUM    74.6               76.2    -1.6     78.2
AVG. MINIMUM    54.7               53.2     1.5     54.7
MEAN            64.6               64.7    -0.1     66.4
DAYS MAX >= 90     0                1.9    -1.9        0
DAYS MAX <= 32     0                0.0     0.0        0
DAYS MIN <= 32     0                0.0     0.0        0
DAYS MIN <= 0      0                0.0     0.0        0

PRECIPITATION (INCHES)
RECORD
 MAXIMUM        6.63   2003
 MINIMUM        0.43
TOTALS          3.36               2.97    0.39     2.44
DAILY AVG.      0.11               0.10    0.01     0.08
DAYS >= .01       12               15.0    -3.0        7
DAYS >= .10        7                5.5     1.5        5
DAYS >= .50        2                2.1    -0.1        3
DAYS >= 1.00       1                0.8     0.2        0
GREATEST
 24 HR. TOTAL   1.47   09/04 TO 09/05               1.12


DEGREE DAYS
HEATING TOTAL     95                 90       5
 SINCE 7/1        96                102      -6       MM
COOLING TOTAL     93                 81      12
 SINCE 1/1       903                767     136       MM
................................................................

WIND (MPH)
AVERAGE WIND SPEED              3.3
HIGHEST WIND SPEED/DIRECTION    22/340    DATE  09/22
HIGHEST GUST SPEED/DIRECTION    31/320    DATE  09/26

AVERAGE RH (PERCENT)     78

WEATHER CONDITIONS. NUMBER OF DAYS WITH
THUNDERSTORM              6     MIXED PRECIP               0
HEAVY RAIN                2     RAIN                       8
LIGHT RAIN               14     FREEZING RAIN              0
LT FREEZING RAIN          0     HAIL                       0
HEAVY SNOW                0     SNOW                       0
LIGHT SNOW                0     SLEET                      0
FOG                      27     FOG W/VIS <= 1/4 MILE      8
HAZE                      0

-  INDICATES NEGATIVE NUMBERS.
R  INDICATES RECORD WAS SET OR TIED.
MM INDICATES DATA IS MISSING.
T  INDICATES TRACE AMOUNT.

$$
