000
CXUS51 KPHI 040142
CLMPHL

CLIMATE REPORT
NATIONAL WEATHER SERVICE MOUNT HOLLY NJ
942 PM EDT MON OCT 03 2022

...................................

...THE PHILADELPHIA PA CLIMATE SUMMARY FOR THE MONTH OF SEPTEMBER 2022...

CLIMATE NORMAL PERIOD: 1991 TO 2020
CLIMATE RECORD PERIOD: 1872 TO 2022

WEATHER         OBSERVED          NORMAL  DEPART   LAST YEAR`S
                VALUE   DATE(S)   VALUE   FROM     VALUE DATE(S)
                                          NORMAL
................................................................
TEMPERATURE (F)
RECORD
 HIGH            102   09/07/1881
 LOW              35   09/25/1963
HIGHEST           91                 90       1       89
LOWEST            49                 45       4       54
AVG. MAXIMUM    80.6               78.9     1.7     80.1
AVG. MINIMUM    63.6               60.9     2.7     63.0
MEAN            72.1               69.9     2.2     71.6
DAYS MAX >= 90     2                1.9     0.1        0
DAYS MAX <= 32     0                0.0     0.0        0
DAYS MIN <= 32     0                0.0     0.0        0
DAYS MIN <= 0      0                0.0     0.0        0

PRECIPITATION (INCHES)
RECORD
 MAXIMUM       13.07   1999
 MINIMUM        0.20   1884
TOTALS          2.06               4.40   -2.34     4.61
DAILY AVG.      0.07               0.15   -0.08     0.15
DAYS >= .01        7                9.3    -2.3        9
DAYS >= .10        4                5.6    -1.6        3
DAYS >= .50        1                2.4    -1.4        2
DAYS >= 1.00       1                1.3    -0.3        2
GREATEST
 24 HR. TOTAL   1.22   09/06 TO 09/06               2.37

SNOWFALL (INCHES)
RECORDS
 TOTAL           0.0
 24 HR TOTAL      MM
TOTALS           0.0                0.0     0.0      0.0
SINCE 7/1        0.0                0.0     0.0       MM
SNOWDEPTH AVG.     0                                   0
DAYS >= 1.0        0                0.0     0.0        0
GREATEST
 SNOW DEPTH        0                                   0  MM
 24 HR TOTAL     0.0                                  MM

DEGREE DAYS
HEATING TOTAL     19                 28      -9        4
 SINCE 7/1        19                 27      -8       MM
COOLING TOTAL    239                175      64      208
 SINCE 1/1      1725               1332     393       MM
................................................................

WIND (MPH)
AVERAGE WIND SPEED              8.3
HIGHEST WIND SPEED/DIRECTION    30/300    DATE  09/25
HIGHEST GUST SPEED/DIRECTION    42/290    DATE  09/25

SKY COVER
POSSIBLE SUNSHINE (PERCENT)   MM
AVERAGE SKY COVER           0.51
NUMBER OF DAYS FAIR            9
NUMBER OF DAYS PC             13
NUMBER OF DAYS CLOUDY          8

AVERAGE RH (PERCENT)     63

WEATHER CONDITIONS. NUMBER OF DAYS WITH
THUNDERSTORM              1     MIXED PRECIP               0
HEAVY RAIN                2     RAIN                       3
LIGHT RAIN               12     FREEZING RAIN              0
LT FREEZING RAIN          0     HEAVY SNOW                 0
SNOW                      0     LIGHT SNOW                 0
SLEET                     0     FOG                        5
FOG W/VIS <= 1/4 MILE     0     HAZE                       1

-  INDICATES NEGATIVE NUMBERS.
R  INDICATES RECORD WAS SET OR TIED.
MM INDICATES DATA IS MISSING.
T  INDICATES TRACE AMOUNT.

$$
