000
CXUS53 KUNR 011522
CLMPHP

CLIMATE REPORT
NATIONAL WEATHER SERVICE RAPID CITY SD
922 AM MDT SAT OCT 01 2022

...................................

...THE PHILIP SD CLIMATE SUMMARY FOR THE MONTH OF SEPTEMBER 2022...

CLIMATE NORMAL PERIOD 1991 TO 2020
CLIMATE RECORD PERIOD 9999 TO 9999

WEATHER         OBSERVED          NORMAL  DEPART   LAST YEAR`S
                VALUE   DATE(S)   VALUE   FROM     VALUE DATE(S)
                                          NORMAL
................................................................
TEMPERATURE (F)
HIGHEST          102   09/01                          99  09/06
LOWEST            33   09/26                          36  09/25
AVG. MAXIMUM    84.5               79.0     5.5     82.2
AVG. MINIMUM    49.3               47.6     1.7     50.3
MEAN            66.9               63.3     3.6     66.2
DAYS MAX >= 90    10                                   7
DAYS MAX <= 32     0                                   0
DAYS MIN <= 32     0                                   0
DAYS MIN <= 0      0                                   0

PRECIPITATION (INCHES)
TOTALS          0.16R              1.23   -1.07     1.94
DAILY AVG.      0.01               0.04   -0.03     0.06
DAYS >= .01        5                                   9
DAYS >= .10        0                                   5
DAYS >= .50        0                                   1
DAYS >= 1.00       0                                   1
GREATEST
 24 HR. TOTAL   0.12   09/08 TO 09/09               1.43


DEGREE DAYS
HEATING TOTAL     66                138     -72       50
 SINCE 7/1        66                159     -93       MM
COOLING TOTAL    131                 87      44       93
 SINCE 1/1       994                827     167       MM
................................................................

WIND (MPH)
AVERAGE WIND SPEED              8.3
HIGHEST WIND SPEED/DIRECTION    35/360    DATE  09/08
HIGHEST GUST SPEED/DIRECTION    46/360    DATE  09/08

AVERAGE RH (PERCENT)     58

WEATHER CONDITIONS. NUMBER OF DAYS WITH
THUNDERSTORM              0     MIXED PRECIP               0
HEAVY RAIN                0     RAIN                       1
LIGHT RAIN                6     FREEZING RAIN              0
LT FREEZING RAIN          0     HAIL                       0
HEAVY SNOW                0     SNOW                       0
LIGHT SNOW                0     SLEET                      0
FOG                       3     FOG W/VIS <= 1/4 MILE      0
HAZE                      3

-  INDICATES NEGATIVE NUMBERS.
R  INDICATES RECORD WAS SET OR TIED.
MM INDICATES DATA IS MISSING.
T  INDICATES TRACE AMOUNT.

$$
