000
CXUS55 KPSR 011248
CLMPHX

CLIMATE REPORT
NATIONAL WEATHER SERVICE PHOENIX AZ
548 AM MST SAT OCT 01 2022

...................................

...THE PHOENIX AZ CLIMATE SUMMARY FOR THE MONTH OF SEPTEMBER 2022...

CLIMATE NORMAL PERIOD 1991 TO 2020
CLIMATE RECORD PERIOD 1895 TO 2022

WEATHER         OBSERVED          NORMAL  DEPART   LAST YEAR`S
                VALUE   DATE(S)   VALUE   FROM     VALUE
                                          NORMAL
..............................................................
TEMPERATURE (F)
RECORD
 HIGH            115   09/05/2020
 LOW              47   09/21/1965
                       09/20/1965
                       09/22/1895
HIGHEST          110   09/06        109       1
LOWEST            74   09/10         67       7
                       09/18
AVG. MAXIMUM   101.7              100.4     1.3
AVG. MINIMUM    80.5               78.1     2.4
MEAN            91.1               89.2     1.9
DAYS MAX >= 90    29               28.0     1.0
DAYS MAX >= 100   20
DAYS MAX >= 110    1
DAYS MIN <= 32     0                0.0     0.0
DAYS MIN >= 90     0

PRECIPITATION (INCHES)
RECORD
 MAXIMUM        5.41   1939
 MINIMUM        0.00   1968
TOTALS          0.79               0.57    0.22
DAYS >= .01        5                2.5     2.5
DAYS >= .10        1                1.2    -0.2
DAYS >= .50        1                0.3     0.7
DAYS >= 1.00       0                0.1    -0.1
GREATEST
 24 HR. TOTAL   0.62   09/11 TO 09/11


DEGREE DAYS
HEATING TOTAL      0                  0       0
 SINCE 7/1         0                  0       0
COOLING TOTAL    791                727      64
 SINCE 1/1      4622               4284     338
..............................................................

WIND (MPH)
AVERAGE WIND SPEED              6.5
HIGHEST GUST SPEED/DIRECTION    45/350    DATE  09/23

AVERAGE RH (PERCENT)     37

WEATHER CONDITIONS. NUMBER OF DAYS WITH
THUNDERSTORM              4     HEAVY RAIN                 0
RAIN                      0     LIGHT RAIN                 7
FOG W/VIS <= 1/4 MILE     0

-  INDICATES NEGATIVE NUMBERS.
R  INDICATES RECORD WAS SET OR TIED.
MM INDICATES DATA IS MISSING.
T  INDICATES TRACE AMOUNT.

$$
