000
CXUS53 KILX 011359
CLMPIA

CLIMATE REPORT
NATIONAL WEATHER SERVICE LINCOLN IL
859 AM CDT SAT OCT 01 2022

...................................

...THE PEORIA IL CLIMATE SUMMARY FOR THE MONTH OF SEPTEMBER 2022...

CLIMATE NORMAL PERIOD 1991 TO 2020
CLIMATE RECORD PERIOD 1883 TO 2022

WEATHER         OBSERVED          NORMAL  DEPART   LAST YEAR`S
                VALUE   DATE(S)   VALUE   FROM     VALUE
                                          NORMAL
..............................................................
TEMPERATURE (F)
RECORD
 HIGH            104   09/05/1899
 LOW              24   09/28/1942
HIGHEST           96   09/20         77      19       91
LOWEST            40   09/28         55     -15       49
AVG. MAXIMUM    79.1               78.4     0.7     82.7
AVG. MINIMUM    57.2               56.3     0.9     59.9
MEAN            68.1               67.4     0.7     71.3
DAYS MAX >= 90     1                2.8    -1.8        1
DAYS MAX <= 32     0                0.0     0.0        0
DAYS MIN <= 32     0                0.1    -0.1        0
DAYS MIN <= 0      0                0.0     0.0        0

PRECIPITATION (INCHES)
RECORD
 MAXIMUM       13.09   1961
 MINIMUM        0.03   1979
TOTALS          0.79               3.48   -2.69     1.09
DAILY AVG.      0.03               0.12   -0.09     0.04
DAYS >= .01        4                7.6    -3.6        5
DAYS >= .10        2                5.0    -3.0        3
DAYS >= .50        0                2.5    -2.5        1
DAYS >= 1.00       0                1.0    -1.0        0
GREATEST
 24 HR. TOTAL   0.48   09/18 TO 09/18               0.92

SNOWFALL (INCHES)
RECORDS
 TOTAL           1.0   1942
TOTALS           0.0                0.0     0.0      0.0
SINCE 7/1        0.0                0.0     0.0       MM
DAYS >= 1.0        0                0.0     0.0        0
GREATEST
 SNOW DEPTH        0                                   0
 24 HR TOTAL     0.0                                  MM

DEGREE DAYS
HEATING TOTAL     70                 66       4       13
 SINCE 7/1        70                 68       2       MM
COOLING TOTAL    170                137      33      208
 SINCE 1/1      1317               1134     183       MM
..............................................................

WIND (MPH)
AVERAGE WIND SPEED              5.9
HIGHEST WIND SPEED/DIRECTION    30/250    DATE  09/18
HIGHEST GUST SPEED/DIRECTION    48/250    DATE  09/18

AVERAGE RH (PERCENT)     66

WEATHER CONDITIONS. NUMBER OF DAYS WITH
THUNDERSTORM              2     MIXED PRECIP               0
HEAVY RAIN                2     RAIN                       2
LIGHT RAIN                8     FREEZING RAIN              0
LT FREEZING RAIN          0     HAIL                       0
HEAVY SNOW                0     SNOW                       0
LIGHT SNOW                0     SLEET                      0
FOG                       4     FOG W/VIS <= 1/4 MILE      0
HAZE                      4

-  INDICATES NEGATIVE NUMBERS.
R  INDICATES RECORD WAS SET OR TIED.
MM INDICATES DATA IS MISSING.
T  INDICATES TRACE AMOUNT.

$$
