000
CXUS55 KPIH 031414
CLMPIH

CLIMATE REPORT
NATIONAL WEATHER SERVICE POCATELLO ID
808 AM MDT SAT SEP 03 2022

...................................

...THE POCATELLO CLIMATE SUMMARY FOR THE MONTH OF AUGUST 2022...

CLIMATE NORMAL PERIOD 1991 TO 2020
CLIMATE RECORD PERIOD 1939 TO 2022

WEATHER         OBSERVED          NORMAL  DEPART   LAST YEAR`S
                VALUE   DATE(S)   VALUE   FROM     VALUE DATE(S)
                                          NORMAL
................................................................
TEMPERATURE (F)
RECORD
 HIGH            104   08/08/1990
                       08/02/1969
 LOW              30   08/25/1992
HIGHEST           98   08/01        104      -6       98  08/13
                       08/31
LOWEST            43   08/08         30      13       39  08/29
AVG. MAXIMUM    91.4               88.1     3.3     83.9
AVG. MINIMUM    54.5               50.5     4.0     51.3
MEAN            73.0               69.3     3.7     67.6
DAYS MAX >= 90    23               15.3     7.7       10
DAYS MAX <= 32     0                0.0     0.0        0
DAYS MIN <= 32     0                0.1    -0.1        0
DAYS MIN <= 0      0                0.0     0.0        0

PRECIPITATION (INCHES)
RECORD
 MAXIMUM        3.98   1968
 MINIMUM        0.00   2002
TOTALS          0.79               0.53    0.26     1.89
DAILY AVG.      0.03               0.02    0.01     0.06
DAYS >= .01        6                4.4     1.6        7
DAYS >= .10        2                1.9     0.1        4
DAYS >= .50        0                0.2    -0.2        1
DAYS >= 1.00       0                0.0     0.0        1
GREATEST
 24 HR. TOTAL   0.34   08/19 TO 08/19               1.03

SNOWFALL (INCHES)
RECORDS
 TOTAL           0.0   2010
TOTALS           0.0                0.0     0.0      0.0
SINCE 7/1        0.0                0.0     0.0       MM
SNOWDEPTH AVG.     0                                   0
DAYS >= 1.0        0                0.0     0.0        0
GREATEST
 SNOW DEPTH        0                                   0  MM
 24 HR TOTAL      MM                                  MM

DEGREE DAYS
HEATING TOTAL      0                 25     -25       38
 SINCE 7/1         0                 37     -37       MM
COOLING TOTAL    254                158      96      127
 SINCE 1/1       591                404     187       MM
................................................................

WIND (MPH)
AVERAGE WIND SPEED              7.2
HIGHEST WIND SPEED/DIRECTION    39/090    DATE  08/19
HIGHEST GUST SPEED/DIRECTION    51/090    DATE  08/19

SKY COVER
POSSIBLE SUNSHINE (PERCENT)   MM
AVERAGE SKY COVER           0.15
NUMBER OF DAYS FAIR           28
NUMBER OF DAYS PC              3
NUMBER OF DAYS CLOUDY          0

AVERAGE RH (PERCENT)     49

WEATHER CONDITIONS. NUMBER OF DAYS WITH
THUNDERSTORM              8     MIXED PRECIP               0
HEAVY RAIN                1     RAIN                       1
LIGHT RAIN                9     FREEZING RAIN              0
LT FREEZING RAIN          0     HAIL                       0
HEAVY SNOW                0     SNOW                       0
LIGHT SNOW                0     SLEET                      0
FOG                       1     FOG W/VIS <= 1/4 MILE      0
HAZE                      0

-  INDICATES NEGATIVE NUMBERS.
R  INDICATES RECORD WAS SET OR TIED.
MM INDICATES DATA IS MISSING.
T  INDICATES TRACE AMOUNT.
&&
31ST: HIGH OF 98 BREAKS PREVIOUS RECORD OF 97 SET IN 1955.

$$
