000
CXUS53 KABR 010702
CLMPIR

CLIMATE REPORT
NATIONAL WEATHER SERVICE ABERDEEN SD
202 AM CDT SAT OCT 01 2022

...................................

...THE PIERRE SD CLIMATE SUMMARY FOR THE MONTH OF SEPTEMBER 2022...

CLIMATE NORMAL PERIOD 1991 TO 2020
CLIMATE RECORD PERIOD 1892 TO 2022

WEATHER         OBSERVED          NORMAL  DEPART   LAST YEAR`S
                VALUE   DATE(S)   VALUE   FROM     VALUE DATE(S)
                                          NORMAL
................................................................
TEMPERATURE (F)
RECORD
 HIGH            108   09/02/1983
 LOW              21   09/22/1995
                       09/28/1951
HIGHEST           99   09/01         MM      MM       95  09/28
LOWEST            41   09/22         MM      MM       37  09/25
AVG. MAXIMUM    82.5               77.5     5.0     79.9
AVG. MINIMUM    51.0               49.7     1.3     52.9
MEAN            66.8               63.6     3.2     66.4
DAYS MAX >= 90     8                5.0     3.0        6
DAYS MAX <= 32     0                0.0     0.0        0
DAYS MIN <= 32     0                0.6    -0.6        0
DAYS MIN <= 0      0                0.0     0.0        0

PRECIPITATION (INCHES)
RECORD
 MAXIMUM        6.95   1996
 MINIMUM           T   2012
TOTALS          0.06               1.74   -1.68     1.88
DAYS >= .01        3                6.4    -3.4        8
DAYS >= .10        0                3.3    -3.3        4
DAYS >= .50        0                1.0    -1.0        2
DAYS >= 1.00       0                0.3    -0.3        0

SNOWFALL (INCHES)
RECORDS
 TOTAL           0.2   1934
 SNOW DEPTH        T   09/25/1934
TOTALS           0.0                0.0     0.0      0.0
SINCE 7/1        0.0                0.0     0.0       MM
SNOWDEPTH AVG.     0                                   0
DAYS >= TRACE      0                0.0     0.0        0
DAYS >= 1.0        0                0.0     0.0        0
GREATEST
 SNOW DEPTH        0                                   0  MM

DEGREE DAYS
HEATING TOTAL     58                134     -76       42
 SINCE 7/1        59                156     -97       MM
COOLING TOTAL    119                 91      28       92
 SINCE 1/1       979                830     149       MM

FREEZE DATES
RECORD
 EARLIEST     MM
 LATEST       MM
EARLIEST                        MM
LATEST                          05/22
................................................................

WIND (MPH)
AVERAGE WIND SPEED              9.8
RESULTANT WIND SPEED/DIRECTION   2/100
HIGHEST WIND SPEED/DIRECTION    35/360    DATE  09/08
HIGHEST GUST SPEED/DIRECTION    46/010    DATE  09/08

SKY COVER
POSSIBLE SUNSHINE (PERCENT)   MM
AVERAGE SKY COVER           0.12
NUMBER OF DAYS FAIR           27
NUMBER OF DAYS PC              2
NUMBER OF DAYS CLOUDY          1

AVERAGE RH (PERCENT)     57

WEATHER CONDITIONS. NUMBER OF DAYS WITH
THUNDERSTORM              0     MIXED PRECIP               0
HEAVY RAIN                0     RAIN                       0
LIGHT RAIN                3     FREEZING RAIN              0
LT FREEZING RAIN          0     HAIL                       0
HEAVY SNOW                0     SNOW                       0
LIGHT SNOW                0     SLEET                      0
FOG                       4     FOG W/VIS <= 1/4 MILE      3
HAZE                      0

-  INDICATES NEGATIVE NUMBERS.
R  INDICATES RECORD WAS SET OR TIED.
MM INDICATES DATA IS MISSING.
T  INDICATES TRACE AMOUNT.

$$
