000
CXUS51 KPBZ 011318
CLMPIT

CLIMATE REPORT
NATIONAL WEATHER SERVICE PITTSBURGH PA
918 AM EDT SAT OCT 01 2022

...................................

...THE PITTSBURGH PA CLIMATE SUMMARY FOR THE MONTH OF SEPTEMBER 2022...

CLIMATE NORMAL PERIOD 1991 TO 2020
CLIMATE RECORD PERIOD 1871 TO 2022

WEATHER         OBSERVED          NORMAL  DEPART   LAST YEAR`S
                VALUE   DATE(S)   VALUE   FROM     VALUE DATE(S)
                                          NORMAL
................................................................
TEMPERATURE (F)
RECORD
 HIGH            102   09/06/1881
 LOW              31   09/19/1959
HIGHEST           84   09/02         87      -3       85  09/18
LOWEST            42   09/23         39       3       45  09/30
                       09/30
AVG. MAXIMUM    73.0               75.1    -2.1     75.7
AVG. MINIMUM    55.6               54.8     0.8     56.8
MEAN            64.3               64.9    -0.6     66.3
DAYS MAX >= 90     0                0.9    -0.9        0
DAYS MAX <= 32     0                0.0     0.0        0
DAYS MIN <= 32     0                0.0     0.0        0
DAYS MIN <= 0      0                0.0     0.0        0

PRECIPITATION (INCHES)
RECORD
 MAXIMUM       10.08   1945
 MINIMUM        0.28   1985
TOTALS          5.15               3.30    1.85     3.93
DAILY AVG.      0.17               0.11    0.06     0.13
DAYS >= .01       13                9.8     3.2        8
DAYS >= .10        8                5.8     2.2        5
DAYS >= .50        4                2.0     2.0        2
DAYS >= 1.00       1                0.5     0.5        1
GREATEST
 24 HR. TOTAL   1.72   09/05 TO 09/06               3.30

SNOWFALL (INCHES)
RECORDS
 TOTAL             T   MM
 24 HR TOTAL       T   09/30/2002 TO 09/30/1895
                       09/23/1989 TO 09/23/1989
TOTALS           0.0                0.0     0.0      0.0
SINCE 7/1        0.0                0.0     0.0       MM
SNOWDEPTH AVG.     0                                   0
DAYS >= TRACE      0                0.0     0.0        0
DAYS >= 1.0        0                0.0     0.0        0
GREATEST
 24 HR TOTAL     0.0                                 0.0

DEGREE DAYS
HEATING TOTAL     94                 86       8       47
 SINCE 7/1        94                 99      -5       MM
COOLING TOTAL     84                 85      -1       97
 SINCE 1/1       846                786      60       MM
................................................................

WIND (MPH)
AVERAGE WIND SPEED              5.8
HIGHEST WIND SPEED/DIRECTION    30/310    DATE  09/22
HIGHEST GUST SPEED/DIRECTION    39/320    DATE  09/22

SKY COVER
AVERAGE SKY COVER           0.66

AVERAGE RH (PERCENT)     74

WEATHER CONDITIONS. NUMBER OF DAYS WITH
THUNDERSTORM              8     MIXED PRECIP               0
HEAVY RAIN                0     RAIN                       5
LIGHT RAIN               15     FREEZING RAIN              0
LT FREEZING RAIN          0     HAIL                       0
HEAVY SNOW                0     SNOW                       0
LIGHT SNOW                0     SLEET                      0
FOG                      11     FOG W/VIS <= 1/4 MILE      0
HAZE                      2

-  INDICATES NEGATIVE NUMBERS.
R  INDICATES RECORD WAS SET OR TIED.
MM INDICATES DATA IS MISSING.
T  INDICATES TRACE AMOUNT.

$$
