000
CXUS51 KRLX 020556
CLMPKB

CLIMATE REPORT
NATIONAL WEATHER SERVICE CHARLESTON WV
156 AM EDT SUN OCT 02 2022

...................................

...THE PARKERSBURG WV CLIMATE SUMMARY FOR THE MONTH OF SEPTEMBER 2022...

CLIMATE NORMAL PERIOD: 1991 TO 2020
CLIMATE RECORD PERIOD: 1926 TO 2022

WEATHER         OBSERVED          NORMAL  DEPART   LAST YEAR`S
                VALUE   DATE(S)   VALUE   FROM     VALUE
                                          NORMAL
..............................................................
TEMPERATURE (F)
RECORD
 HIGH            102   09/03/1953
 LOW              32   09/23/1995
                       09/29/1942
HIGHEST           87   09/21                          88
LOWEST            39   09/28                          46
AVG. MAXIMUM    76.7               78.5    -1.8     78.5
AVG. MINIMUM    55.4               55.2     0.2     57.7
MEAN            66.0               66.9    -0.9     68.1
DAYS MAX >= 90     0                2.4    -2.4        0
DAYS MAX <= 32     0                0.0     0.0        0
DAYS MAX >= 80    12                                  13
DAYS MAX >= 100    0                                   0
DAYS MIN <= 32     0                0.0     0.0        0
DAYS MIN <= 0      0                0.0     0.0        0
DAYS MIN <= 10     0                                   0

PRECIPITATION (INCHES)
RECORD
 MAXIMUM        8.41   1890
 MINIMUM        0.46   1897
TOTALS          1.96               3.18   -1.22     2.93
DAILY AVG.      0.07               0.11   -0.04     0.10
DAYS >= .01       11                8.8     2.2        8
DAYS >= .10        5                5.5    -0.5        7
DAYS >= .50        1                2.2    -1.2        3
DAYS >= 1.00       1                0.7     0.3        0
GREATEST
 24 HR. TOTAL   1.01   09/19 TO 09/19               1.37


DEGREE DAYS
HEATING TOTAL     74                 62      12       31
 SINCE 7/1        74                 64      10       MM
COOLING TOTAL    112                117      -5      132
 SINCE 1/1      1017                979      38       MM

FREEZE DATES
RECORD
 EARLIEST     MM
 LATEST       MM
EARLIEST                        MM
LATEST                          04/28
..............................................................

WIND (MPH)
AVERAGE WIND SPEED              3.4
HIGHEST WIND SPEED/DIRECTION    21/330    DATE  09/22
                                21/260          09/26
HIGHEST GUST SPEED/DIRECTION    32/250    DATE  09/26

SKY COVER
POSSIBLE SUNSHINE (PERCENT)   MM
AVERAGE SKY COVER           0.44
NUMBER OF DAYS FAIR            7
NUMBER OF DAYS PC             21
NUMBER OF DAYS CLOUDY          2

AVERAGE RH (PERCENT)     76

WEATHER CONDITIONS. NUMBER OF DAYS WITH
THUNDERSTORM              4     MIXED PRECIP               0
HEAVY RAIN                3     RAIN                       5
LIGHT RAIN               12     FREEZING RAIN              0
LT FREEZING RAIN          0     HAIL                       0
HEAVY SNOW                0     SNOW                       0
LIGHT SNOW                0     SLEET                      0
FOG                      25     FOG W/VIS <= 1/4 MILE      9
HAZE                      0

-  INDICATES NEGATIVE NUMBERS.
R  INDICATES RECORD WAS SET OR TIED.
MM INDICATES DATA IS MISSING.
T  INDICATES TRACE AMOUNT.

$$
