000
CXUS54 KMOB 031625 CCA
CLMPNS

CLIMATE REPORT
NATIONAL WEATHER SERVICE MOBILE AL
1136 AM CDT SAT OCT 01 2022

...................................

...THE PENSACOLA CLIMATE SUMMARY FOR THE MONTH OF SEPTEMBER 2022...

CLIMATE NORMAL PERIOD: 1991 TO 2020
CLIMATE RECORD PERIOD: 1879 TO 2022

WEATHER         OBSERVED          NORMAL  DEPART   LAST YEAR`S
                VALUE   DATE(S)   VALUE   FROM     VALUE DATE(S)
                                          NORMAL
................................................................
TEMPERATURE (F)
RECORD
 HIGH            102   09/18/2019
                       09/05/1925
 LOW              43   09/29/1967
HIGHEST           98   09/22                          93  09/01
LOWEST            57   09/29                          59  09/25
AVG. MAXIMUM    89.1               88.5     0.6     86.2
AVG. MINIMUM    71.9               71.5     0.4     71.6
MEAN            80.5               80.0     0.5     78.9
DAYS MAX >= 90    14               10.4     3.6        6
DAYS MAX <= 32     0                0.0     0.0        0
DAYS MIN <= 32     0                0.0     0.0        0
DAYS MIN <= 0      0                0.0     0.0        0

PRECIPITATION (INCHES)
RECORD
 MAXIMUM       19.71   1998
 MINIMUM           T   2019
TOTALS          2.20               6.61   -4.41    11.27
DAILY AVG.      0.08               0.22   -0.14     0.38
DAYS >= .01        8                9.3    -1.3       14
DAYS >= .10        4                5.9    -1.9       12
DAYS >= .50        2                3.2    -1.2        6
DAYS >= 1.00       0                1.9    -1.9        4
GREATEST
 24 HR. TOTAL   0.95   09/12 TO 09/12

DEGREE DAYS
COOLING TOTAL    473                450      23      424
 SINCE 1/1      2915               2644     271     2638
................................................................

WIND (MPH)
AVERAGE WIND SPEED              6.2
HIGHEST WIND SPEED/DIRECTION    21/010    DATE  09/28
HIGHEST GUST SPEED/DIRECTION    35/360    DATE  09/28

SKY COVER
POSSIBLE SUNSHINE (PERCENT)
AVERAGE SKY COVER           0.15
NUMBER OF DAYS FAIR           28
NUMBER OF DAYS PC              2
NUMBER OF DAYS CLOUDY          0

AVERAGE RH (PERCENT)     69

WEATHER CONDITIONS. NUMBER OF DAYS WITH
THUNDERSTORM              8     MIXED PRECIP               0
HEAVY RAIN                3     RAIN                       3
LIGHT RAIN                8     FREEZING RAIN              0
LT FREEZING RAIN          0     HAIL                       0
HEAVY SNOW                0     SNOW                       0
LIGHT SNOW                0     SLEET                      0
FOG                      11     FOG W/VIS <= 1/4 MILE      0
HAZE                      1

-  INDICATES NEGATIVE NUMBERS.
R  INDICATES RECORD WAS SET OR TIED.
MM INDICATES DATA IS MISSING.
T  INDICATES TRACE AMOUNT.

$$
