000
CXUS53 KPAH 021446
CLMPOF

CLIMATE REPORT
NATIONAL WEATHER SERVICE PADUCAH KY
946 AM CDT FRI SEP 02 2022

...................................

...THE POPLAR BLUFF MO CLIMATE SUMMARY FOR THE MONTH OF AUGUST 2022...

CLIMATE NORMAL PERIOD 1991 TO 2020
CLIMATE RECORD PERIOD 1893 TO 2022

WEATHER         OBSERVED          NORMAL  DEPART   LAST YEAR`S
                VALUE   DATE(S)   VALUE   FROM     VALUE
                                          NORMAL
..............................................................
TEMPERATURE (F)
HIGHEST           92   08/02         92       0
                       08/03
LOWEST            60   08/20         64      -4
                       08/31
AVG. MAXIMUM    87.2               88.1    -0.9
AVG. MINIMUM    67.4               67.4    -0.0
MEAN            77.3               77.7    -0.4
DAYS MAX >= 90    12               13.0    -1.0
DAYS MAX <= 32     0                0.0     0.0
DAYS MIN <= 32     0                0.0     0.0
DAYS MIN <= 0      0                0.0     0.0

PRECIPITATION (INCHES)
RECORD
 MAXIMUM       14.85   1915
 MINIMUM        0.24   2007
TOTALS          3.74               3.44    0.30
DAYS >= .01        9               12.0    -3.0
DAYS >= .10        6                5.5     0.5
DAYS >= .50        4                2.6     1.4
DAYS >= 1.00       1                1.0     0.0


DEGREE DAYS
HEATING TOTAL      0                  0       0
 SINCE 7/1         0                  0       0
COOLING TOTAL    389                395      -6
 SINCE 1/1      1556               1391     165

FREEZE DATES
RECORD
 EARLIEST     MM
 LATEST       MM
EARLIEST                        MM
LATEST                          04/19
..............................................................

WIND (MPH)
AVERAGE WIND SPEED              4.3
HIGHEST WIND SPEED/DIRECTION    28/330    DATE  08/04
                                28/320          08/08
HIGHEST GUST SPEED/DIRECTION    41/330    DATE  08/29

SKY COVER
AVERAGE SKY COVER           0.19

AVERAGE RH (PERCENT)     78

WEATHER CONDITIONS. NUMBER OF DAYS WITH
THUNDERSTORM              8     MIXED PRECIP               0
HEAVY RAIN                3     RAIN                       5
LIGHT RAIN                9     FREEZING RAIN              0
LT FREEZING RAIN          0     HAIL                       0
HEAVY SNOW                0     SNOW                       0
LIGHT SNOW                0     SLEET                      0
FOG                      17     FOG W/VIS <= 1/4 MILE      0
HAZE                      0

-  INDICATES NEGATIVE NUMBERS.
R  INDICATES RECORD WAS SET OR TIED.
MM INDICATES DATA IS MISSING.
T  INDICATES TRACE AMOUNT.

$$
