000
CXUS51 KALY 011949 CCA
CLMPOU

CLIMATE REPORT
NATIONAL WEATHER SERVICE ALBANY NY
357 AM EDT THU SEP 01 2022

...................................

...THE POUGHKEEPSIE NY CLIMATE SUMMARY FOR THE MONTH OF AUGUST 2022...

CLIMATE NORMAL PERIOD: 1991 TO 2020
CLIMATE RECORD PERIOD: 1931 TO 2022

WEATHER         OBSERVED          NORMAL  DEPART   LAST YEAR`S
                VALUE   DATE(S)   VALUE   FROM     VALUE DATE(S)
                                          NORMAL
................................................................
TEMPERATURE (F)
RECORD
 HIGH            104   08/01/1933
 LOW              38   08/30/1986
                       08/29/1986
                       08/31/1965
HIGHEST           99   08/04                          95  08/12
                                                          08/13
LOWEST            51   08/13                          51  08/03
                       08/14
AVG. MAXIMUM    89.6               82.8     6.8     84.1
AVG. MINIMUM    64.0               60.7     3.3     65.4
MEAN            76.8               71.7     5.1     74.8
DAYS MAX >= 90    16                4.9    11.1        6
DAYS MAX <= 32     0                0.0     0.0        0
DAYS MIN <= 32     0                0.0     0.0        0
DAYS MIN <= 0      0                0.0     0.0        0

PRECIPITATION (INCHES)
RECORD
 MAXIMUM       13.23   2011
 MINIMUM        0.61   1944
TOTALS          1.08               4.28   -3.20     4.98
DAILY AVG.      0.03                                0.16
DAYS >= .01        6               11.7    -5.7       12
DAYS >= .10        4                7.0    -3.0        6
DAYS >= .50        0                3.1    -3.1        3
DAYS >= 1.00       0                1.0    -1.0        2
GREATEST
 24 HR. TOTAL   0.49   08/30 TO 08/30


DEGREE DAYS
HEATING TOTAL      0                  8      -8        2
 SINCE 7/1         0                  8      -8        6
COOLING TOTAL    374                217     157      314
 SINCE 1/1       905                664     241      820
................................................................

WIND (MPH)
AVERAGE WIND SPEED              4.3
HIGHEST WIND SPEED/DIRECTION    28/330    DATE  08/18
HIGHEST GUST SPEED/DIRECTION    35/330    DATE  08/18

SKY COVER
AVERAGE SKY COVER           0.29

AVERAGE RH (PERCENT)     64

WEATHER CONDITIONS. NUMBER OF DAYS WITH
THUNDERSTORM              2     MIXED PRECIP               0
HEAVY RAIN                2     RAIN                       2
LIGHT RAIN                6     FREEZING RAIN              0
LT FREEZING RAIN          0     HAIL                       0
HEAVY SNOW                0     SNOW                       0
LIGHT SNOW                0     SLEET                      0
FOG                       5     FOG W/VIS <= 1/4 MILE      0
HAZE                      1

-  INDICATES NEGATIVE NUMBERS.
R  INDICATES RECORD WAS SET OR TIED.
MM INDICATES DATA IS MISSING.
T  INDICATES TRACE AMOUNT.

$$
