000
CXUS56 KLOX 011630
CLMPRB

CLIMATE REPORT
NATIONAL WEATHER SERVICE LOS ANGELES/OXNARD
930 AM PDT THU SEP 01 2022

...................................

...THE PASO ROBLES AIRPORT CA CLIMATE SUMMARY FOR THE MONTH OF AUGUST 2022...

CLIMATE NORMAL PERIOD: 1991 TO 2020
CLIMATE RECORD PERIOD: 1948 TO 2022

WEATHER         OBSERVED          NORMAL  DEPART   LAST YEAR`S
                VALUE   DATE(S)   VALUE   FROM     VALUE
                                          NORMAL
..............................................................
TEMPERATURE (F)
HIGHEST          107   08/31
LOWEST            50   08/30
AVG. MAXIMUM    96.5               94.0     2.5
AVG. MINIMUM    56.9               53.2     3.7
MEAN            76.7               73.6     3.1
DAYS MAX >= 90    25
DAYS MAX <= 32     0
DAYS MIN <= 32     0
DAYS MIN <= 0      0

PRECIPITATION (INCHES)
TOTALS             T               0.01   -0.01
DAILY AVG.         T
DAYS >= .01        0
DAYS >= .10        0
DAYS >= .50        0
DAYS >= 1.00       0
GREATEST
 24 HR. TOTAL      T   08/17 TO 08/17
 STORM TOTAL    0.00


DEGREE DAYS
HEATING TOTAL      0                  2      -2        0
 SINCE 7/1         0                  4      -4       MM
COOLING TOTAL    371                269     102      321
 SINCE 1/1      1071                746     325       MM
..............................................................

WIND (MPH)
AVERAGE WIND SPEED              7.7
HIGHEST WIND SPEED/DIRECTION    26/200    DATE  08/04
HIGHEST GUST SPEED/DIRECTION    32/200    DATE  08/04

SKY COVER
POSSIBLE SUNSHINE (PERCENT)   MM
AVERAGE SKY COVER           0.04
NUMBER OF DAYS FAIR           31
NUMBER OF DAYS PC              0
NUMBER OF DAYS CLOUDY          0

AVERAGE RH (PERCENT)     48

WEATHER CONDITIONS. NUMBER OF DAYS WITH
THUNDERSTORM              0     MIXED PRECIP               0
HEAVY RAIN                0     RAIN                       0
LIGHT RAIN                0     FREEZING RAIN              0
LT FREEZING RAIN          0     HAIL                       0
HEAVY SNOW                0     SNOW                       0
LIGHT SNOW                0     SLEET                      0
FOG                       2     FOG W/VIS <= 1/4 MILE      1
HAZE                      1

-  INDICATES NEGATIVE NUMBERS.
R  INDICATES RECORD WAS SET OR TIED.
MM INDICATES DATA IS MISSING.
T  INDICATES TRACE AMOUNT.

$$
