000
CXUS56 KPDT 011540
CLMPSC

CLIMATE REPORT
NATIONAL WEATHER SERVICE PENDLETON, OR
840 AM PDT SAT OCT 01 2022

...................................

...THE PASCO WA CLIMATE SUMMARY FOR THE MONTH OF SEPTEMBER 2022...

CLIMATE NORMAL PERIOD 1991 TO 2020
CLIMATE RECORD PERIOD 1894 TO 2022

WEATHER         OBSERVED          NORMAL  DEPART   LAST YEAR`S
                VALUE   DATE(S)   VALUE   FROM     VALUE DATE(S)
                                          NORMAL
................................................................
TEMPERATURE (F)
RECORD
 HIGH            102   09/01/2022
 LOW              21   09/24/1926
HIGHEST          102R  09/01                          96  09/05
                                                          09/08
LOWEST            42   09/17                          39  09/21
AVG. MAXIMUM    84.1               80.9     3.2     81.8
AVG. MINIMUM    52.1               47.6     4.5     49.8
MEAN            68.1               64.2     3.9     65.8
DAYS MAX >= 90     5                4.5     0.5        4
DAYS MAX <= 32     0                0.0     0.0        0
DAYS MIN <= 32     0                0.3    -0.3        0
DAYS MIN <= 0      0                0.0     0.0        0

PRECIPITATION (INCHES)
RECORD
 MAXIMUM        1.79   1927
 MINIMUM           T   2018
TOTALS          0.12               0.31   -0.19     0.41
DAILY AVG.      0.00               0.01   -0.01     0.01
DAYS >= .01        3                3.0     0.0        4
DAYS >= .10        0                1.0    -1.0        2
DAYS >= .50        0                0.0     0.0        0
DAYS >= 1.00       0                0.0     0.0        0
GREATEST
 24 HR. TOTAL   0.09   09/17 TO 09/18               0.20  09/27 TO 09/27


DEGREE DAYS
HEATING TOTAL     10                 86     -76       46
 SINCE 7/1        10                 93     -83       MM
COOLING TOTAL    111                 63      48       77
 SINCE 1/1      1128                785     343       MM
................................................................

WIND (MPH)
AVERAGE WIND SPEED              5.7
RESULTANT WIND SPEED/DIRECTION   2/280
HIGHEST WIND SPEED/DIRECTION    26/220    DATE  09/22
HIGHEST GUST SPEED/DIRECTION    34/220    DATE  09/03
                                34/220          09/22

AVERAGE RH (PERCENT)     58

WEATHER CONDITIONS. NUMBER OF DAYS WITH
THUNDERSTORM              0     MIXED PRECIP               0
HEAVY RAIN                1     RAIN                       1
LIGHT RAIN                5     FREEZING RAIN              0
LT FREEZING RAIN          0     HAIL                       0
HEAVY SNOW                0     SNOW                       0
LIGHT SNOW                0     SLEET                      0
FOG                       6     FOG W/VIS <= 1/4 MILE      0
HAZE                     15

-  INDICATES NEGATIVE NUMBERS.
R  INDICATES RECORD WAS SET OR TIED.
MM INDICATES DATA IS MISSING.
T  INDICATES TRACE AMOUNT.

$$
