000
CXUS51 KALY 011455
CLMPSF

CLIMATE REPORT
NATIONAL WEATHER SERVICE ALBANY NY
1055 AM EDT SAT OCT 01 2022

...................................

...THE PITTSFIELD MA CLIMATE SUMMARY FOR THE MONTH OF SEPTEMBER 2022...

CLIMATE NORMAL PERIOD: 1991 TO 2020
CLIMATE RECORD PERIOD: 9999 TO 9999

WEATHER         OBSERVED          NORMAL  DEPART   LAST YEAR`S
                VALUE   DATE(S)   VALUE   FROM     VALUE DATE(S)
                                          NORMAL
................................................................
TEMPERATURE (F)
HIGHEST           83   09/04                          82  09/15
LOWEST            34   09/30                          40  09/29
AVG. MAXIMUM    70.0               70.4    -0.4     71.1
AVG. MINIMUM    49.6               48.9     0.7     52.4
MEAN            59.8               59.7     0.1     61.7
DAYS MAX >= 90     0                0.1    -0.1        0
DAYS MAX <= 32     0                0.0     0.0        0
DAYS MIN <= 32     0                0.4    -0.4        0
DAYS MIN <= 0      0                0.0     0.0        0

PRECIPITATION (INCHES)
TOTALS          4.96               4.50    0.46     6.51
DAILY AVG.      0.17                                0.22
DAYS >= .01       12                                  13
DAYS >= .10        8                                   9
DAYS >= .50        4                                   5
DAYS >= 1.00       2                                   3
GREATEST
 24 HR. TOTAL   2.29   09/05 TO 09/06

DEGREE DAYS
HEATING TOTAL    166                190     -24      121
 SINCE 7/1       177                251     -74       MM
COOLING TOTAL     16                 30     -14       30
 SINCE 1/1       410                343      67       MM
................................................................

WIND (MPH)
AVERAGE WIND SPEED              5.1
HIGHEST WIND SPEED/DIRECTION    26/290    DATE  09/01
HIGHEST GUST SPEED/DIRECTION    36/290    DATE  09/01
                                36/290          09/22

SKY COVER
AVERAGE SKY COVER           0.49

AVERAGE RH (PERCENT)     76

WEATHER CONDITIONS. NUMBER OF DAYS WITH
THUNDERSTORM              3     MIXED PRECIP               0
HEAVY RAIN                4     RAIN                       6
LIGHT RAIN               12     FREEZING RAIN              0
LT FREEZING RAIN          0     HAIL                       0
HEAVY SNOW                0     SNOW                       0
LIGHT SNOW                0     SLEET                      0
FOG                      18     FOG W/VIS <= 1/4 MILE      4
HAZE                      0

-  INDICATES NEGATIVE NUMBERS.
R  INDICATES RECORD WAS SET OR TIED.
MM INDICATES DATA IS MISSING.
T  INDICATES TRACE AMOUNT.

$$
