000
CXUS56 KSGX 010938
CLMPSP

CLIMATE REPORT
NATIONAL WEATHER SERVICE SAN DIEGO, CA
238 AM PDT THU SEP 01 2022

...................................

...THE PALM SPRINGS INTL AIRPORT CA CLIMATE SUMMARY FOR THE MONTH OF AUGUST 2022...

CLIMATE NORMAL PERIOD: 1991 TO 2020
CLIMATE RECORD PERIOD: 1893 TO 2022

WEATHER         OBSERVED          NORMAL  DEPART   LAST YEAR`S
                VALUE   DATE(S)   VALUE   FROM     VALUE DATE(S)
                                          NORMAL
................................................................
TEMPERATURE (F)
RECORD
 HIGH            122   08/24/1985
 LOW              52   08/02/1976
                       08/30/1957
                       08/27/1954
HIGHEST          116   08/30        107       9      122  08/04
LOWEST            74   08/27         76      -2       72  08/23
AVG. MAXIMUM   108.1              108.1    -0.0    107.9
AVG. MINIMUM    85.8               79.8     6.0     81.5
MEAN            96.9               94.0     2.9     94.7
DAYS MAX >= 90    31               30.9     0.1       31
DAYS MAX <= 32     0                0.0     0.0        0
DAYS MAX >= 45    31                                  31
DAYS MAX >= 120    0                                   1
DAYS MIN <= 32     0                0.0     0.0        0

PRECIPITATION (INCHES)
RECORD
 MAXIMUM        4.32   1983
 MINIMUM        0.00   2021
TOTALS             T               0.14   -0.14     0.00
DAILY AVG.         T               0.00   -0.00     0.00
DAYS >= .01        0                0.7    -0.7        0
DAYS >= .10        0                0.3    -0.3        0
DAYS >= .50        0                0.1    -0.1        0
DAYS >= 1.00       0                0.0     0.0        0
DAYS >= %-5.2F     0                                   0
DAYS >= %-5.2F     0                                   0
GREATEST
 24 HR. TOTAL      T   08/04 TO 08/04               0.00  07/31 TO 07/31
                       08/02 TO 08/02
                       08/04 TO 08/04
 STORM TOTAL    0.00                                0.00
 (MM/DD(HH))            MM


DEGREE DAYS
HEATING TOTAL      0                  0       0        0
 SINCE 7/1         0                  0       0       MM
COOLING TOTAL    998                897     101      902
 SINCE 1/1      3922               3400     522       MM

FREEZE DATES
RECORD
 EARLIEST     10/24/1951
 LATEST       03/13/1956
EARLIEST                        MM
LATEST                          MM
................................................................

WIND (MPH)
AVERAGE WIND SPEED              6.7
RESULTANT WIND SPEED/DIRECTION   2/030
HIGHEST WIND SPEED/DIRECTION    31/190    DATE  08/08
HIGHEST GUST SPEED/DIRECTION    40/190    DATE  08/08

SKY COVER
POSSIBLE SUNSHINE (PERCENT)   MM
AVERAGE SKY COVER           0.03
NUMBER OF DAYS FAIR           31
NUMBER OF DAYS PC              0
NUMBER OF DAYS CLOUDY          0

AVERAGE RH (PERCENT)     31

WEATHER CONDITIONS. NUMBER OF DAYS WITH
THUNDERSTORM              6     MIXED PRECIP               0
HEAVY RAIN                0     RAIN                       0
LIGHT RAIN                1     FREEZING RAIN              0
LT FREEZING RAIN          0     HAIL                       0
HEAVY SNOW                0     SNOW                       0
LIGHT SNOW                0     SLEET                      0
FOG                       0     FOG W/VIS <= 1/4 MILE      0
HAZE                      5

-  INDICATES NEGATIVE NUMBERS.
R  INDICATES RECORD WAS SET OR TIED.
MM INDICATES DATA IS MISSING.
T  INDICATES TRACE AMOUNT.

$$
